{"id":15503,"date":"2022-06-24T12:19:52","date_gmt":"2022-06-24T10:19:52","guid":{"rendered":"http:\/\/www.hapy-com.fr\/echoppe\/product\/lumiere-reflectante-flash\/"},"modified":"2022-06-24T12:19:52","modified_gmt":"2022-06-24T10:19:52","slug":"lumiere-reflectante-flash","status":"publish","type":"product","link":"https:\/\/www.hapy-com.fr\/echoppe\/product\/lumiere-reflectante-flash\/","title":{"rendered":"Lumi\u00e8re R\u00e9fl\u00e9ctante Flash"},"content":{"rendered":"<p>Clip LED r\u00e9fl\u00e9chissant, couleurs vives. Ajustement solide, piles \u00e0 bouton avec film de s\u00e9curit\u00e9 inclus.<\/p>\n","protected":false},"excerpt":{"rendered":"<p>Clip LED r\u00e9fl\u00e9chissant, couleurs vives. Ajustement solide, piles \u00e0 bouton avec film de s\u00e9curit\u00e9 inclus.<\/p>\n","protected":false},"featured_media":15501,"template":"","meta":[],"product_cat":[352],"product_tag":[],"class_list":{"0":"post-15503","1":"product","2":"type-product","3":"status-publish","4":"has-post-thumbnail","6":"product_cat-enfants","8":"first","9":"instock","10":"shipping-taxable","11":"purchasable","12":"product-type-simple"},"_links":{"self":[{"href":"https:\/\/www.hapy-com.fr\/echoppe\/wp-json\/wp\/v2\/product\/15503","targetHints":{"allow":["GET"]}}],"collection":[{"href":"https:\/\/www.hapy-com.fr\/echoppe\/wp-json\/wp\/v2\/product"}],"about":[{"href":"https:\/\/www.hapy-com.fr\/echoppe\/wp-json\/wp\/v2\/types\/product"}],"wp:featuredmedia":[{"embeddable":true,"href":"https:\/\/www.hapy-com.fr\/echoppe\/wp-json\/wp\/v2\/media\/15501"}],"wp:attachment":[{"href":"https:\/\/www.hapy-com.fr\/echoppe\/wp-json\/wp\/v2\/media?parent=15503"}],"wp:term":[{"taxonomy":"product_cat","embeddable":true,"href":"https:\/\/www.hapy-com.fr\/echoppe\/wp-json\/wp\/v2\/product_cat?post=15503"},{"taxonomy":"product_tag","embeddable":true,"href":"https:\/\/www.hapy-com.fr\/echoppe\/wp-json\/wp\/v2\/product_tag?post=15503"}],"curies":[{"name":"wp","href":"https:\/\/api.w.org\/{rel}","templated":true}]}}