{"id":15508,"date":"2022-06-24T12:19:56","date_gmt":"2022-06-24T10:19:56","guid":{"rendered":"http:\/\/www.hapy-com.fr\/echoppe\/product\/ardoise-learning\/"},"modified":"2022-06-24T12:19:56","modified_gmt":"2022-06-24T10:19:56","slug":"ardoise-learning","status":"publish","type":"product","link":"https:\/\/www.hapy-com.fr\/echoppe\/product\/ardoise-learning\/","title":{"rendered":"Ardoise Learning"},"content":{"rendered":"<p>Ardoise propos\u00e9e dans une gamme vari\u00e9e de couleurs vives . Avec encoche pr\u00e9vue pour le marqueur dans le cadre de l\u00b4ardoise ( marqueur magn\u00e9tique et tampon effaceur inclus).<\/p>\n","protected":false},"excerpt":{"rendered":"<p>Ardoise propos\u00e9e dans une gamme vari\u00e9e de couleurs vives . Avec encoche pr\u00e9vue pour le marqueur dans le cadre de l\u00b4ardoise ( marqueur magn\u00e9tique et tampon effaceur inclus).<\/p>\n","protected":false},"featured_media":15506,"template":"","meta":[],"product_cat":[352],"product_tag":[],"class_list":{"0":"post-15508","1":"product","2":"type-product","3":"status-publish","4":"has-post-thumbnail","6":"product_cat-enfants","8":"first","9":"instock","10":"shipping-taxable","11":"purchasable","12":"product-type-simple"},"_links":{"self":[{"href":"https:\/\/www.hapy-com.fr\/echoppe\/wp-json\/wp\/v2\/product\/15508","targetHints":{"allow":["GET"]}}],"collection":[{"href":"https:\/\/www.hapy-com.fr\/echoppe\/wp-json\/wp\/v2\/product"}],"about":[{"href":"https:\/\/www.hapy-com.fr\/echoppe\/wp-json\/wp\/v2\/types\/product"}],"wp:featuredmedia":[{"embeddable":true,"href":"https:\/\/www.hapy-com.fr\/echoppe\/wp-json\/wp\/v2\/media\/15506"}],"wp:attachment":[{"href":"https:\/\/www.hapy-com.fr\/echoppe\/wp-json\/wp\/v2\/media?parent=15508"}],"wp:term":[{"taxonomy":"product_cat","embeddable":true,"href":"https:\/\/www.hapy-com.fr\/echoppe\/wp-json\/wp\/v2\/product_cat?post=15508"},{"taxonomy":"product_tag","embeddable":true,"href":"https:\/\/www.hapy-com.fr\/echoppe\/wp-json\/wp\/v2\/product_tag?post=15508"}],"curies":[{"name":"wp","href":"https:\/\/api.w.org\/{rel}","templated":true}]}}