{"id":15544,"date":"2022-06-24T12:20:27","date_gmt":"2022-06-24T10:20:27","guid":{"rendered":"http:\/\/www.hapy-com.fr\/echoppe\/product\/regle-hebe\/"},"modified":"2022-06-24T12:20:27","modified_gmt":"2022-06-24T10:20:27","slug":"regle-hebe","status":"publish","type":"product","link":"https:\/\/www.hapy-com.fr\/echoppe\/product\/regle-hebe\/","title":{"rendered":"R\u00e8gle Hebe"},"content":{"rendered":"<p>R\u00e8gle de 15 cm avec corps de finition douce et brillante, couleurs vives. Syst\u00e8me m\u00e9trique en centim\u00e8tres et pouces.<\/p>\n","protected":false},"excerpt":{"rendered":"<p>R\u00e8gle de 15 cm avec corps de finition douce et brillante, couleurs vives. Syst\u00e8me m\u00e9trique en centim\u00e8tres et pouces.<\/p>\n","protected":false},"featured_media":15543,"template":"","meta":[],"product_cat":[352],"product_tag":[],"class_list":{"0":"post-15544","1":"product","2":"type-product","3":"status-publish","4":"has-post-thumbnail","6":"product_cat-enfants","8":"first","9":"instock","10":"shipping-taxable","11":"purchasable","12":"product-type-simple"},"_links":{"self":[{"href":"https:\/\/www.hapy-com.fr\/echoppe\/wp-json\/wp\/v2\/product\/15544","targetHints":{"allow":["GET"]}}],"collection":[{"href":"https:\/\/www.hapy-com.fr\/echoppe\/wp-json\/wp\/v2\/product"}],"about":[{"href":"https:\/\/www.hapy-com.fr\/echoppe\/wp-json\/wp\/v2\/types\/product"}],"wp:featuredmedia":[{"embeddable":true,"href":"https:\/\/www.hapy-com.fr\/echoppe\/wp-json\/wp\/v2\/media\/15543"}],"wp:attachment":[{"href":"https:\/\/www.hapy-com.fr\/echoppe\/wp-json\/wp\/v2\/media?parent=15544"}],"wp:term":[{"taxonomy":"product_cat","embeddable":true,"href":"https:\/\/www.hapy-com.fr\/echoppe\/wp-json\/wp\/v2\/product_cat?post=15544"},{"taxonomy":"product_tag","embeddable":true,"href":"https:\/\/www.hapy-com.fr\/echoppe\/wp-json\/wp\/v2\/product_tag?post=15544"}],"curies":[{"name":"wp","href":"https:\/\/api.w.org\/{rel}","templated":true}]}}