{"id":15625,"date":"2022-06-24T12:21:55","date_gmt":"2022-06-24T10:21:55","guid":{"rendered":"http:\/\/www.hapy-com.fr\/echoppe\/product\/trousse-atecax\/"},"modified":"2022-06-24T12:21:55","modified_gmt":"2022-06-24T10:21:55","slug":"trousse-atecax","status":"publish","type":"product","link":"https:\/\/www.hapy-com.fr\/echoppe\/product\/trousse-atecax\/","title":{"rendered":"Trousse Atecax"},"content":{"rendered":"<p>Trousse en polyester 600D r\u00e9sistant propos\u00e9e dans une gamme vari\u00e9e de couleurs vives. Avec fermeture zipp\u00e9e et tire-zip cordon assorti pour une ouverture facile.<\/p>\n","protected":false},"excerpt":{"rendered":"<p>Trousse en polyester 600D r\u00e9sistant propos\u00e9e dans une gamme vari\u00e9e de couleurs vives. Avec fermeture zipp\u00e9e et tire-zip cordon assorti pour une ouverture facile.<\/p>\n","protected":false},"featured_media":15623,"template":"","meta":[],"product_cat":[352],"product_tag":[],"class_list":{"0":"post-15625","1":"product","2":"type-product","3":"status-publish","4":"has-post-thumbnail","6":"product_cat-enfants","8":"first","9":"instock","10":"shipping-taxable","11":"purchasable","12":"product-type-simple"},"_links":{"self":[{"href":"https:\/\/www.hapy-com.fr\/echoppe\/wp-json\/wp\/v2\/product\/15625","targetHints":{"allow":["GET"]}}],"collection":[{"href":"https:\/\/www.hapy-com.fr\/echoppe\/wp-json\/wp\/v2\/product"}],"about":[{"href":"https:\/\/www.hapy-com.fr\/echoppe\/wp-json\/wp\/v2\/types\/product"}],"wp:featuredmedia":[{"embeddable":true,"href":"https:\/\/www.hapy-com.fr\/echoppe\/wp-json\/wp\/v2\/media\/15623"}],"wp:attachment":[{"href":"https:\/\/www.hapy-com.fr\/echoppe\/wp-json\/wp\/v2\/media?parent=15625"}],"wp:term":[{"taxonomy":"product_cat","embeddable":true,"href":"https:\/\/www.hapy-com.fr\/echoppe\/wp-json\/wp\/v2\/product_cat?post=15625"},{"taxonomy":"product_tag","embeddable":true,"href":"https:\/\/www.hapy-com.fr\/echoppe\/wp-json\/wp\/v2\/product_tag?post=15625"}],"curies":[{"name":"wp","href":"https:\/\/api.w.org\/{rel}","templated":true}]}}