{"id":15666,"date":"2022-06-24T12:22:27","date_gmt":"2022-06-24T10:22:27","guid":{"rendered":"http:\/\/www.hapy-com.fr\/echoppe\/product\/avion-baron\/"},"modified":"2022-06-24T12:22:27","modified_gmt":"2022-06-24T10:22:27","slug":"avion-baron","status":"publish","type":"product","link":"https:\/\/www.hapy-com.fr\/echoppe\/product\/avion-baron\/","title":{"rendered":"Avion Bar\u00f3n"},"content":{"rendered":"<p>Avion d\u00e9montable en EVA souple avec \u00e9lastique de lancement. Coloris vari\u00e9s. Livr\u00e9 \u00e0 plat pour faciliter le marquage.<\/p>\n","protected":false},"excerpt":{"rendered":"<p>Avion d\u00e9montable en EVA souple avec \u00e9lastique de lancement. Coloris vari\u00e9s. Livr\u00e9 \u00e0 plat pour faciliter le marquage.<\/p>\n","protected":false},"featured_media":15664,"template":"","meta":[],"product_cat":[352],"product_tag":[],"class_list":{"0":"post-15666","1":"product","2":"type-product","3":"status-publish","4":"has-post-thumbnail","6":"product_cat-enfants","8":"first","9":"instock","10":"shipping-taxable","11":"purchasable","12":"product-type-simple"},"_links":{"self":[{"href":"https:\/\/www.hapy-com.fr\/echoppe\/wp-json\/wp\/v2\/product\/15666","targetHints":{"allow":["GET"]}}],"collection":[{"href":"https:\/\/www.hapy-com.fr\/echoppe\/wp-json\/wp\/v2\/product"}],"about":[{"href":"https:\/\/www.hapy-com.fr\/echoppe\/wp-json\/wp\/v2\/types\/product"}],"wp:featuredmedia":[{"embeddable":true,"href":"https:\/\/www.hapy-com.fr\/echoppe\/wp-json\/wp\/v2\/media\/15664"}],"wp:attachment":[{"href":"https:\/\/www.hapy-com.fr\/echoppe\/wp-json\/wp\/v2\/media?parent=15666"}],"wp:term":[{"taxonomy":"product_cat","embeddable":true,"href":"https:\/\/www.hapy-com.fr\/echoppe\/wp-json\/wp\/v2\/product_cat?post=15666"},{"taxonomy":"product_tag","embeddable":true,"href":"https:\/\/www.hapy-com.fr\/echoppe\/wp-json\/wp\/v2\/product_tag?post=15666"}],"curies":[{"name":"wp","href":"https:\/\/api.w.org\/{rel}","templated":true}]}}