{"id":15706,"date":"2022-06-24T12:23:04","date_gmt":"2022-06-24T10:23:04","guid":{"rendered":"http:\/\/www.hapy-com.fr\/echoppe\/product\/roll-up-drentox\/"},"modified":"2022-06-24T12:23:04","modified_gmt":"2022-06-24T10:23:04","slug":"roll-up-drentox","status":"publish","type":"product","link":"https:\/\/www.hapy-com.fr\/echoppe\/product\/roll-up-drentox\/","title":{"rendered":"Roll Up Drentox"},"content":{"rendered":"<p>Roll Up de 85 x 200 cm en polypropyl\u00e8ne r\u00e9sistant haute densit\u00e9 sp\u00e9cialement con\u00e7u pour le marquage en quadri. Avec supports aluminium et crochet de fixation. Livr\u00e9 enroul\u00e9 dans une housse en toile.<\/p>\n","protected":false},"excerpt":{"rendered":"<p>Roll Up de 85 x 200 cm en polypropyl\u00e8ne r\u00e9sistant haute densit\u00e9 sp\u00e9cialement con\u00e7u pour le marquage en quadri. Avec supports aluminium et crochet de fixation. Livr\u00e9 enroul\u00e9 dans une&#8230;<\/p>\n","protected":false},"featured_media":15705,"template":"","meta":[],"product_cat":[353],"product_tag":[],"class_list":{"0":"post-15706","1":"product","2":"type-product","3":"status-publish","4":"has-post-thumbnail","6":"product_cat-evenementiel","8":"first","9":"instock","10":"shipping-taxable","11":"purchasable","12":"product-type-simple"},"_links":{"self":[{"href":"https:\/\/www.hapy-com.fr\/echoppe\/wp-json\/wp\/v2\/product\/15706","targetHints":{"allow":["GET"]}}],"collection":[{"href":"https:\/\/www.hapy-com.fr\/echoppe\/wp-json\/wp\/v2\/product"}],"about":[{"href":"https:\/\/www.hapy-com.fr\/echoppe\/wp-json\/wp\/v2\/types\/product"}],"wp:featuredmedia":[{"embeddable":true,"href":"https:\/\/www.hapy-com.fr\/echoppe\/wp-json\/wp\/v2\/media\/15705"}],"wp:attachment":[{"href":"https:\/\/www.hapy-com.fr\/echoppe\/wp-json\/wp\/v2\/media?parent=15706"}],"wp:term":[{"taxonomy":"product_cat","embeddable":true,"href":"https:\/\/www.hapy-com.fr\/echoppe\/wp-json\/wp\/v2\/product_cat?post=15706"},{"taxonomy":"product_tag","embeddable":true,"href":"https:\/\/www.hapy-com.fr\/echoppe\/wp-json\/wp\/v2\/product_tag?post=15706"}],"curies":[{"name":"wp","href":"https:\/\/api.w.org\/{rel}","templated":true}]}}