{"id":15718,"date":"2022-06-24T12:23:16","date_gmt":"2022-06-24T10:23:16","guid":{"rendered":"http:\/\/www.hapy-com.fr\/echoppe\/product\/banner-seincop\/"},"modified":"2022-06-24T12:23:16","modified_gmt":"2022-06-24T10:23:16","slug":"banner-seincop","status":"publish","type":"product","link":"https:\/\/www.hapy-com.fr\/echoppe\/product\/banner-seincop\/","title":{"rendered":"Banner Seincop"},"content":{"rendered":"<p>Banner \u00e0 deux faces en polyester r\u00e9sistant disponible en couleurs vives. Offre une double surface renforc\u00e9e de marquage en 75 x 155cm. Avec supports int\u00e9rieurs flexibles en fibre de verre et 4 piquets m\u00e9talliques de s\u00e9curit\u00e9 \u00e0 fixer au sol. Pr\u00e9sent\u00e9 pli\u00e9 dans une housse zipp\u00e9e en polyester r\u00e9sistant avec sacs pour les piquets.<\/p>\n","protected":false},"excerpt":{"rendered":"<p>Banner \u00e0 deux faces en polyester r\u00e9sistant disponible en couleurs vives. Offre une double surface renforc\u00e9e de marquage en 75 x 155cm. Avec supports int\u00e9rieurs flexibles en fibre de verre&#8230;<\/p>\n","protected":false},"featured_media":15716,"template":"","meta":[],"product_cat":[353],"product_tag":[],"class_list":{"0":"post-15718","1":"product","2":"type-product","3":"status-publish","4":"has-post-thumbnail","6":"product_cat-evenementiel","8":"first","9":"instock","10":"shipping-taxable","11":"purchasable","12":"product-type-simple"},"_links":{"self":[{"href":"https:\/\/www.hapy-com.fr\/echoppe\/wp-json\/wp\/v2\/product\/15718","targetHints":{"allow":["GET"]}}],"collection":[{"href":"https:\/\/www.hapy-com.fr\/echoppe\/wp-json\/wp\/v2\/product"}],"about":[{"href":"https:\/\/www.hapy-com.fr\/echoppe\/wp-json\/wp\/v2\/types\/product"}],"wp:featuredmedia":[{"embeddable":true,"href":"https:\/\/www.hapy-com.fr\/echoppe\/wp-json\/wp\/v2\/media\/15716"}],"wp:attachment":[{"href":"https:\/\/www.hapy-com.fr\/echoppe\/wp-json\/wp\/v2\/media?parent=15718"}],"wp:term":[{"taxonomy":"product_cat","embeddable":true,"href":"https:\/\/www.hapy-com.fr\/echoppe\/wp-json\/wp\/v2\/product_cat?post=15718"},{"taxonomy":"product_tag","embeddable":true,"href":"https:\/\/www.hapy-com.fr\/echoppe\/wp-json\/wp\/v2\/product_tag?post=15718"}],"curies":[{"name":"wp","href":"https:\/\/api.w.org\/{rel}","templated":true}]}}