{"id":15797,"date":"2022-06-24T12:24:28","date_gmt":"2022-06-24T10:24:28","guid":{"rendered":"http:\/\/www.hapy-com.fr\/echoppe\/product\/lettre-noel-poxtal\/"},"modified":"2022-06-24T12:24:28","modified_gmt":"2022-06-24T10:24:28","slug":"lettre-noel-poxtal","status":"publish","type":"product","link":"https:\/\/www.hapy-com.fr\/echoppe\/product\/lettre-noel-poxtal\/","title":{"rendered":"Lettre No\u00ebl Poxtal"},"content":{"rendered":"<p>Originale lettre pour cadeaux de No\u00ebl avec enveloppe rouge avec motif du No\u00ebl et carte int\u00e9rieure avec distribution d\u00b4une rayure.<\/p>\n","protected":false},"excerpt":{"rendered":"<p>Originale lettre pour cadeaux de No\u00ebl avec enveloppe rouge avec motif du No\u00ebl et carte int\u00e9rieure avec distribution d\u00b4une rayure.<\/p>\n","protected":false},"featured_media":15796,"template":"","meta":[],"product_cat":[354],"product_tag":[],"class_list":{"0":"post-15797","1":"product","2":"type-product","3":"status-publish","4":"has-post-thumbnail","6":"product_cat-noel","8":"first","9":"instock","10":"shipping-taxable","11":"purchasable","12":"product-type-simple"},"_links":{"self":[{"href":"https:\/\/www.hapy-com.fr\/echoppe\/wp-json\/wp\/v2\/product\/15797","targetHints":{"allow":["GET"]}}],"collection":[{"href":"https:\/\/www.hapy-com.fr\/echoppe\/wp-json\/wp\/v2\/product"}],"about":[{"href":"https:\/\/www.hapy-com.fr\/echoppe\/wp-json\/wp\/v2\/types\/product"}],"wp:featuredmedia":[{"embeddable":true,"href":"https:\/\/www.hapy-com.fr\/echoppe\/wp-json\/wp\/v2\/media\/15796"}],"wp:attachment":[{"href":"https:\/\/www.hapy-com.fr\/echoppe\/wp-json\/wp\/v2\/media?parent=15797"}],"wp:term":[{"taxonomy":"product_cat","embeddable":true,"href":"https:\/\/www.hapy-com.fr\/echoppe\/wp-json\/wp\/v2\/product_cat?post=15797"},{"taxonomy":"product_tag","embeddable":true,"href":"https:\/\/www.hapy-com.fr\/echoppe\/wp-json\/wp\/v2\/product_tag?post=15797"}],"curies":[{"name":"wp","href":"https:\/\/api.w.org\/{rel}","templated":true}]}}