{"id":15810,"date":"2022-06-24T12:24:38","date_gmt":"2022-06-24T10:24:38","guid":{"rendered":"http:\/\/www.hapy-com.fr\/echoppe\/product\/identificateur-de-verres-kandax\/"},"modified":"2022-06-24T12:24:38","modified_gmt":"2022-06-24T10:24:38","slug":"identificateur-de-verres-kandax","status":"publish","type":"product","link":"https:\/\/www.hapy-com.fr\/echoppe\/product\/identificateur-de-verres-kandax\/","title":{"rendered":"Identificateur de Verres Kandax"},"content":{"rendered":"<p>Identifiant des coupes en silicone dans 9 motifs de No\u00ebl aux couleurs vives. Pr\u00e9sent\u00e9 dans un cas avec des compartiments individuels. Pr\u00e9sent\u00e9 dans un attrayant bistre design en PVC transparent.<\/p>\n","protected":false},"excerpt":{"rendered":"<p>Identifiant des coupes en silicone dans 9 motifs de No\u00ebl aux couleurs vives. Pr\u00e9sent\u00e9 dans un cas avec des compartiments individuels. Pr\u00e9sent\u00e9 dans un attrayant bistre design en PVC transparent.<\/p>\n","protected":false},"featured_media":15809,"template":"","meta":[],"product_cat":[354],"product_tag":[],"class_list":{"0":"post-15810","1":"product","2":"type-product","3":"status-publish","4":"has-post-thumbnail","6":"product_cat-noel","8":"first","9":"instock","10":"shipping-taxable","11":"purchasable","12":"product-type-simple"},"_links":{"self":[{"href":"https:\/\/www.hapy-com.fr\/echoppe\/wp-json\/wp\/v2\/product\/15810","targetHints":{"allow":["GET"]}}],"collection":[{"href":"https:\/\/www.hapy-com.fr\/echoppe\/wp-json\/wp\/v2\/product"}],"about":[{"href":"https:\/\/www.hapy-com.fr\/echoppe\/wp-json\/wp\/v2\/types\/product"}],"wp:featuredmedia":[{"embeddable":true,"href":"https:\/\/www.hapy-com.fr\/echoppe\/wp-json\/wp\/v2\/media\/15809"}],"wp:attachment":[{"href":"https:\/\/www.hapy-com.fr\/echoppe\/wp-json\/wp\/v2\/media?parent=15810"}],"wp:term":[{"taxonomy":"product_cat","embeddable":true,"href":"https:\/\/www.hapy-com.fr\/echoppe\/wp-json\/wp\/v2\/product_cat?post=15810"},{"taxonomy":"product_tag","embeddable":true,"href":"https:\/\/www.hapy-com.fr\/echoppe\/wp-json\/wp\/v2\/product_tag?post=15810"}],"curies":[{"name":"wp","href":"https:\/\/api.w.org\/{rel}","templated":true}]}}