{"id":15817,"date":"2022-06-24T12:24:44","date_gmt":"2022-06-24T10:24:44","guid":{"rendered":"http:\/\/www.hapy-com.fr\/echoppe\/product\/porte-cles-peluche-glenda\/"},"modified":"2022-06-24T12:24:44","modified_gmt":"2022-06-24T10:24:44","slug":"porte-cles-peluche-glenda","status":"publish","type":"product","link":"https:\/\/www.hapy-com.fr\/echoppe\/product\/porte-cles-peluche-glenda\/","title":{"rendered":"Porte-Cl\u00e9s Peluche Glenda"},"content":{"rendered":"<p>Porte-cl\u00e9s ourson avec chapeau de No\u00ebl et noeud de No\u00ebl.<\/p>\n","protected":false},"excerpt":{"rendered":"<p>Porte-cl\u00e9s ourson avec chapeau de No\u00ebl et noeud de No\u00ebl.<\/p>\n","protected":false},"featured_media":15816,"template":"","meta":[],"product_cat":[354],"product_tag":[],"class_list":{"0":"post-15817","1":"product","2":"type-product","3":"status-publish","4":"has-post-thumbnail","6":"product_cat-noel","8":"first","9":"instock","10":"shipping-taxable","11":"purchasable","12":"product-type-simple"},"_links":{"self":[{"href":"https:\/\/www.hapy-com.fr\/echoppe\/wp-json\/wp\/v2\/product\/15817","targetHints":{"allow":["GET"]}}],"collection":[{"href":"https:\/\/www.hapy-com.fr\/echoppe\/wp-json\/wp\/v2\/product"}],"about":[{"href":"https:\/\/www.hapy-com.fr\/echoppe\/wp-json\/wp\/v2\/types\/product"}],"wp:featuredmedia":[{"embeddable":true,"href":"https:\/\/www.hapy-com.fr\/echoppe\/wp-json\/wp\/v2\/media\/15816"}],"wp:attachment":[{"href":"https:\/\/www.hapy-com.fr\/echoppe\/wp-json\/wp\/v2\/media?parent=15817"}],"wp:term":[{"taxonomy":"product_cat","embeddable":true,"href":"https:\/\/www.hapy-com.fr\/echoppe\/wp-json\/wp\/v2\/product_cat?post=15817"},{"taxonomy":"product_tag","embeddable":true,"href":"https:\/\/www.hapy-com.fr\/echoppe\/wp-json\/wp\/v2\/product_tag?post=15817"}],"curies":[{"name":"wp","href":"https:\/\/api.w.org\/{rel}","templated":true}]}}