{"id":15874,"date":"2022-06-24T12:25:28","date_gmt":"2022-06-24T10:25:28","guid":{"rendered":"http:\/\/www.hapy-com.fr\/echoppe\/product\/bidon-raven\/"},"modified":"2022-06-24T12:25:28","modified_gmt":"2022-06-24T10:25:28","slug":"bidon-raven","status":"publish","type":"product","link":"https:\/\/www.hapy-com.fr\/echoppe\/product\/bidon-raven\/","title":{"rendered":"Bidon Raven"},"content":{"rendered":"<p>Bouteille d\u00b4une capacit\u00e9 de 400 ml avec un corps de finition en aluminium, au design de No\u00ebl bicolore. Avec capuchon de s\u00e9curit\u00e9 \u00e0 visser et mousqueton de transport en m\u00e9tal. Pr\u00e9sent\u00e9 dans une bo\u00eete design.<\/p>\n","protected":false},"excerpt":{"rendered":"<p>Bouteille d\u00b4une capacit\u00e9 de 400 ml avec un corps de finition en aluminium, au design de No\u00ebl bicolore. Avec capuchon de s\u00e9curit\u00e9 \u00e0 visser et mousqueton de transport en m\u00e9tal&#8230;.<\/p>\n","protected":false},"featured_media":15872,"template":"","meta":[],"product_cat":[354],"product_tag":[],"class_list":{"0":"post-15874","1":"product","2":"type-product","3":"status-publish","4":"has-post-thumbnail","6":"product_cat-noel","8":"first","9":"instock","10":"shipping-taxable","11":"purchasable","12":"product-type-simple"},"_links":{"self":[{"href":"https:\/\/www.hapy-com.fr\/echoppe\/wp-json\/wp\/v2\/product\/15874","targetHints":{"allow":["GET"]}}],"collection":[{"href":"https:\/\/www.hapy-com.fr\/echoppe\/wp-json\/wp\/v2\/product"}],"about":[{"href":"https:\/\/www.hapy-com.fr\/echoppe\/wp-json\/wp\/v2\/types\/product"}],"wp:featuredmedia":[{"embeddable":true,"href":"https:\/\/www.hapy-com.fr\/echoppe\/wp-json\/wp\/v2\/media\/15872"}],"wp:attachment":[{"href":"https:\/\/www.hapy-com.fr\/echoppe\/wp-json\/wp\/v2\/media?parent=15874"}],"wp:term":[{"taxonomy":"product_cat","embeddable":true,"href":"https:\/\/www.hapy-com.fr\/echoppe\/wp-json\/wp\/v2\/product_cat?post=15874"},{"taxonomy":"product_tag","embeddable":true,"href":"https:\/\/www.hapy-com.fr\/echoppe\/wp-json\/wp\/v2\/product_tag?post=15874"}],"curies":[{"name":"wp","href":"https:\/\/api.w.org\/{rel}","templated":true}]}}