{"id":16000,"date":"2022-06-24T12:30:30","date_gmt":"2022-06-24T10:30:30","guid":{"rendered":"http:\/\/www.hapy-com.fr\/echoppe\/?post_type=product&#038;p=16000"},"modified":"2022-06-24T12:30:42","modified_gmt":"2022-06-24T10:30:42","slug":"set-baguettes-orient","status":"publish","type":"product","link":"https:\/\/www.hapy-com.fr\/echoppe\/product\/set-baguettes-orient\/","title":{"rendered":"Set Baguettes Orient"},"content":{"rendered":"<p>Set de 2 baguettes en bambou pr\u00e9sent\u00e9 sous \u00e9tui individuel en toile de couleurs vari\u00e9es.<\/p>\n","protected":false},"excerpt":{"rendered":"<p>Set de 2 baguettes en bambou pr\u00e9sent\u00e9 sous \u00e9tui individuel en toile de couleurs vari\u00e9es.<\/p>\n","protected":false},"featured_media":16010,"template":"","meta":[],"product_cat":[355],"product_tag":[],"class_list":{"0":"post-16000","1":"product","2":"type-product","3":"status-publish","4":"has-post-thumbnail","6":"product_cat-interieur-deco-2","8":"first","9":"instock","10":"shipping-taxable","11":"purchasable","12":"product-type-simple"},"_links":{"self":[{"href":"https:\/\/www.hapy-com.fr\/echoppe\/wp-json\/wp\/v2\/product\/16000","targetHints":{"allow":["GET"]}}],"collection":[{"href":"https:\/\/www.hapy-com.fr\/echoppe\/wp-json\/wp\/v2\/product"}],"about":[{"href":"https:\/\/www.hapy-com.fr\/echoppe\/wp-json\/wp\/v2\/types\/product"}],"wp:featuredmedia":[{"embeddable":true,"href":"https:\/\/www.hapy-com.fr\/echoppe\/wp-json\/wp\/v2\/media\/16010"}],"wp:attachment":[{"href":"https:\/\/www.hapy-com.fr\/echoppe\/wp-json\/wp\/v2\/media?parent=16000"}],"wp:term":[{"taxonomy":"product_cat","embeddable":true,"href":"https:\/\/www.hapy-com.fr\/echoppe\/wp-json\/wp\/v2\/product_cat?post=16000"},{"taxonomy":"product_tag","embeddable":true,"href":"https:\/\/www.hapy-com.fr\/echoppe\/wp-json\/wp\/v2\/product_tag?post=16000"}],"curies":[{"name":"wp","href":"https:\/\/api.w.org\/{rel}","templated":true}]}}