{"id":16037,"date":"2022-06-24T12:31:04","date_gmt":"2022-06-24T10:31:04","guid":{"rendered":"http:\/\/www.hapy-com.fr\/echoppe\/?post_type=product&#038;p=16037"},"modified":"2022-06-24T12:31:10","modified_gmt":"2022-06-24T10:31:10","slug":"tablier-bacatus","status":"publish","type":"product","link":"https:\/\/www.hapy-com.fr\/echoppe\/product\/tablier-bacatus\/","title":{"rendered":"Tablier Bacatus"},"content":{"rendered":"<p>Tablier de haute qualit\u00e9 en TC &#8211; m\u00e9lange de coton et polyester. Gamme vari\u00e9e de couleurs vives, avec poche double frontale et rubans de r\u00e9glage bicolores. Coupe au-dessus du genou.<\/p>\n","protected":false},"excerpt":{"rendered":"<p>Tablier de haute qualit\u00e9 en TC &#8211; m\u00e9lange de coton et polyester. Gamme vari\u00e9e de couleurs vives, avec poche double frontale et rubans de r\u00e9glage bicolores. Coupe au-dessus du genou.<\/p>\n","protected":false},"featured_media":16046,"template":"","meta":[],"product_cat":[355],"product_tag":[],"class_list":{"0":"post-16037","1":"product","2":"type-product","3":"status-publish","4":"has-post-thumbnail","6":"product_cat-interieur-deco-2","8":"first","9":"instock","10":"shipping-taxable","11":"purchasable","12":"product-type-simple"},"_links":{"self":[{"href":"https:\/\/www.hapy-com.fr\/echoppe\/wp-json\/wp\/v2\/product\/16037","targetHints":{"allow":["GET"]}}],"collection":[{"href":"https:\/\/www.hapy-com.fr\/echoppe\/wp-json\/wp\/v2\/product"}],"about":[{"href":"https:\/\/www.hapy-com.fr\/echoppe\/wp-json\/wp\/v2\/types\/product"}],"wp:featuredmedia":[{"embeddable":true,"href":"https:\/\/www.hapy-com.fr\/echoppe\/wp-json\/wp\/v2\/media\/16046"}],"wp:attachment":[{"href":"https:\/\/www.hapy-com.fr\/echoppe\/wp-json\/wp\/v2\/media?parent=16037"}],"wp:term":[{"taxonomy":"product_cat","embeddable":true,"href":"https:\/\/www.hapy-com.fr\/echoppe\/wp-json\/wp\/v2\/product_cat?post=16037"},{"taxonomy":"product_tag","embeddable":true,"href":"https:\/\/www.hapy-com.fr\/echoppe\/wp-json\/wp\/v2\/product_tag?post=16037"}],"curies":[{"name":"wp","href":"https:\/\/api.w.org\/{rel}","templated":true}]}}