{"id":16179,"date":"2022-06-24T12:33:03","date_gmt":"2022-06-24T10:33:03","guid":{"rendered":"http:\/\/www.hapy-com.fr\/echoppe\/?post_type=product&#038;p=16179"},"modified":"2022-06-24T12:33:25","modified_gmt":"2022-06-24T10:33:25","slug":"lampe-kottel","status":"publish","type":"product","link":"https:\/\/www.hapy-com.fr\/echoppe\/product\/lampe-kottel\/","title":{"rendered":"Lampe Kottel"},"content":{"rendered":"<p>Lampe pliante pratique de 18 LED avec connexion USB. Finition gris et blanc bicolore \u00e9l\u00e9gante avec bouton on\/off et bras flexible pour un ajustement parfait de luminosit\u00e9. Puissance de la batterie : Type AA non inclus et pr\u00e9sent\u00e9 dans la bo\u00eete de conception attrayante.<\/p>\n","protected":false},"excerpt":{"rendered":"<p>Lampe pliante pratique de 18 LED avec connexion USB. Finition gris et blanc bicolore \u00e9l\u00e9gante avec bouton on\/off et bras flexible pour un ajustement parfait de luminosit\u00e9. Puissance de la&#8230;<\/p>\n","protected":false},"featured_media":16198,"template":"","meta":[],"product_cat":[355],"product_tag":[],"class_list":{"0":"post-16179","1":"product","2":"type-product","3":"status-publish","4":"has-post-thumbnail","6":"product_cat-interieur-deco-2","8":"first","9":"instock","10":"shipping-taxable","11":"purchasable","12":"product-type-simple"},"_links":{"self":[{"href":"https:\/\/www.hapy-com.fr\/echoppe\/wp-json\/wp\/v2\/product\/16179","targetHints":{"allow":["GET"]}}],"collection":[{"href":"https:\/\/www.hapy-com.fr\/echoppe\/wp-json\/wp\/v2\/product"}],"about":[{"href":"https:\/\/www.hapy-com.fr\/echoppe\/wp-json\/wp\/v2\/types\/product"}],"wp:featuredmedia":[{"embeddable":true,"href":"https:\/\/www.hapy-com.fr\/echoppe\/wp-json\/wp\/v2\/media\/16198"}],"wp:attachment":[{"href":"https:\/\/www.hapy-com.fr\/echoppe\/wp-json\/wp\/v2\/media?parent=16179"}],"wp:term":[{"taxonomy":"product_cat","embeddable":true,"href":"https:\/\/www.hapy-com.fr\/echoppe\/wp-json\/wp\/v2\/product_cat?post=16179"},{"taxonomy":"product_tag","embeddable":true,"href":"https:\/\/www.hapy-com.fr\/echoppe\/wp-json\/wp\/v2\/product_tag?post=16179"}],"curies":[{"name":"wp","href":"https:\/\/api.w.org\/{rel}","templated":true}]}}