{"id":16196,"date":"2022-06-24T12:33:24","date_gmt":"2022-06-24T10:33:24","guid":{"rendered":"http:\/\/www.hapy-com.fr\/echoppe\/?post_type=product&#038;p=16196"},"modified":"2022-06-24T12:33:30","modified_gmt":"2022-06-24T10:33:30","slug":"moule-baldix","status":"publish","type":"product","link":"https:\/\/www.hapy-com.fr\/echoppe\/product\/moule-baldix\/","title":{"rendered":"Moule Baldix"},"content":{"rendered":"<p>Moules en silicone aux motifs amusants et aux couleurs vives. Avec poign\u00e9e pour le marquage. R\u00e9sistant \u00e0 des temp\u00e9ratures jusqu\u00b4\u00e0 240\u00baC.<\/p>\n","protected":false},"excerpt":{"rendered":"<p>Moules en silicone aux motifs amusants et aux couleurs vives. Avec poign\u00e9e pour le marquage. R\u00e9sistant \u00e0 des temp\u00e9ratures jusqu\u00b4\u00e0 240\u00baC.<\/p>\n","protected":false},"featured_media":16201,"template":"","meta":[],"product_cat":[355],"product_tag":[],"class_list":{"0":"post-16196","1":"product","2":"type-product","3":"status-publish","4":"has-post-thumbnail","6":"product_cat-interieur-deco-2","8":"first","9":"instock","10":"shipping-taxable","11":"purchasable","12":"product-type-simple"},"_links":{"self":[{"href":"https:\/\/www.hapy-com.fr\/echoppe\/wp-json\/wp\/v2\/product\/16196","targetHints":{"allow":["GET"]}}],"collection":[{"href":"https:\/\/www.hapy-com.fr\/echoppe\/wp-json\/wp\/v2\/product"}],"about":[{"href":"https:\/\/www.hapy-com.fr\/echoppe\/wp-json\/wp\/v2\/types\/product"}],"wp:featuredmedia":[{"embeddable":true,"href":"https:\/\/www.hapy-com.fr\/echoppe\/wp-json\/wp\/v2\/media\/16201"}],"wp:attachment":[{"href":"https:\/\/www.hapy-com.fr\/echoppe\/wp-json\/wp\/v2\/media?parent=16196"}],"wp:term":[{"taxonomy":"product_cat","embeddable":true,"href":"https:\/\/www.hapy-com.fr\/echoppe\/wp-json\/wp\/v2\/product_cat?post=16196"},{"taxonomy":"product_tag","embeddable":true,"href":"https:\/\/www.hapy-com.fr\/echoppe\/wp-json\/wp\/v2\/product_tag?post=16196"}],"curies":[{"name":"wp","href":"https:\/\/api.w.org\/{rel}","templated":true}]}}