{"id":16208,"date":"2022-06-24T12:33:34","date_gmt":"2022-06-24T10:33:34","guid":{"rendered":"http:\/\/www.hapy-com.fr\/echoppe\/?post_type=product&#038;p=16208"},"modified":"2022-06-24T12:33:41","modified_gmt":"2022-06-24T10:33:41","slug":"marqueur-de-grillade-drakar","status":"publish","type":"product","link":"https:\/\/www.hapy-com.fr\/echoppe\/product\/marqueur-de-grillade-drakar\/","title":{"rendered":"Marqueur de Grillade Drakar"},"content":{"rendered":"<p>Marqueur \u00e0 viande m\u00e9tallique original. Manche en bois avec sangle de suspension et 65 caract\u00e8res interchangeables en m\u00e9tal. Cl\u00e9 incluse. Pr\u00e9sent\u00e9 dans une jolie bo\u00eete.<\/p>\n","protected":false},"excerpt":{"rendered":"<p>Marqueur \u00e0 viande m\u00e9tallique original. Manche en bois avec sangle de suspension et 65 caract\u00e8res interchangeables en m\u00e9tal. Cl\u00e9 incluse. Pr\u00e9sent\u00e9 dans une jolie bo\u00eete.<\/p>\n","protected":false},"featured_media":16220,"template":"","meta":[],"product_cat":[355],"product_tag":[],"class_list":{"0":"post-16208","1":"product","2":"type-product","3":"status-publish","4":"has-post-thumbnail","6":"product_cat-interieur-deco-2","8":"first","9":"instock","10":"shipping-taxable","11":"purchasable","12":"product-type-simple"},"_links":{"self":[{"href":"https:\/\/www.hapy-com.fr\/echoppe\/wp-json\/wp\/v2\/product\/16208","targetHints":{"allow":["GET"]}}],"collection":[{"href":"https:\/\/www.hapy-com.fr\/echoppe\/wp-json\/wp\/v2\/product"}],"about":[{"href":"https:\/\/www.hapy-com.fr\/echoppe\/wp-json\/wp\/v2\/types\/product"}],"wp:featuredmedia":[{"embeddable":true,"href":"https:\/\/www.hapy-com.fr\/echoppe\/wp-json\/wp\/v2\/media\/16220"}],"wp:attachment":[{"href":"https:\/\/www.hapy-com.fr\/echoppe\/wp-json\/wp\/v2\/media?parent=16208"}],"wp:term":[{"taxonomy":"product_cat","embeddable":true,"href":"https:\/\/www.hapy-com.fr\/echoppe\/wp-json\/wp\/v2\/product_cat?post=16208"},{"taxonomy":"product_tag","embeddable":true,"href":"https:\/\/www.hapy-com.fr\/echoppe\/wp-json\/wp\/v2\/product_tag?post=16208"}],"curies":[{"name":"wp","href":"https:\/\/api.w.org\/{rel}","templated":true}]}}