{"id":16234,"date":"2022-06-24T12:33:57","date_gmt":"2022-06-24T10:33:57","guid":{"rendered":"http:\/\/www.hapy-com.fr\/echoppe\/?post_type=product&#038;p=16234"},"modified":"2022-06-24T12:34:04","modified_gmt":"2022-06-24T10:34:04","slug":"diffuseur-aromatique-krum","status":"publish","type":"product","link":"https:\/\/www.hapy-com.fr\/echoppe\/product\/diffuseur-aromatique-krum\/","title":{"rendered":"Diffuseur Aromatique Krum"},"content":{"rendered":"<p>Diffuseur de parfum de No\u00ebl : Ar\u00f4me doux de pomme et cannelle. 3 roseaux de rotin et une tige \u00e9toile ou flocon \u00e0 choisir. Flacon de 30ml en verre, pr\u00e9sent\u00e9e dans une \u00e9l\u00e9gante bo\u00eete cadeau transparente.<\/p>\n","protected":false},"excerpt":{"rendered":"<p>Diffuseur de parfum de No\u00ebl : Ar\u00f4me doux de pomme et cannelle. 3 roseaux de rotin et une tige \u00e9toile ou flocon \u00e0 choisir. Flacon de 30ml en verre, pr\u00e9sent\u00e9e&#8230;<\/p>\n","protected":false},"featured_media":16244,"template":"","meta":[],"product_cat":[355],"product_tag":[],"class_list":{"0":"post-16234","1":"product","2":"type-product","3":"status-publish","4":"has-post-thumbnail","6":"product_cat-interieur-deco-2","8":"first","9":"instock","10":"shipping-taxable","11":"purchasable","12":"product-type-simple"},"_links":{"self":[{"href":"https:\/\/www.hapy-com.fr\/echoppe\/wp-json\/wp\/v2\/product\/16234","targetHints":{"allow":["GET"]}}],"collection":[{"href":"https:\/\/www.hapy-com.fr\/echoppe\/wp-json\/wp\/v2\/product"}],"about":[{"href":"https:\/\/www.hapy-com.fr\/echoppe\/wp-json\/wp\/v2\/types\/product"}],"wp:featuredmedia":[{"embeddable":true,"href":"https:\/\/www.hapy-com.fr\/echoppe\/wp-json\/wp\/v2\/media\/16244"}],"wp:attachment":[{"href":"https:\/\/www.hapy-com.fr\/echoppe\/wp-json\/wp\/v2\/media?parent=16234"}],"wp:term":[{"taxonomy":"product_cat","embeddable":true,"href":"https:\/\/www.hapy-com.fr\/echoppe\/wp-json\/wp\/v2\/product_cat?post=16234"},{"taxonomy":"product_tag","embeddable":true,"href":"https:\/\/www.hapy-com.fr\/echoppe\/wp-json\/wp\/v2\/product_tag?post=16234"}],"curies":[{"name":"wp","href":"https:\/\/api.w.org\/{rel}","templated":true}]}}