{"id":16253,"date":"2022-06-24T12:34:16","date_gmt":"2022-06-24T10:34:16","guid":{"rendered":"http:\/\/www.hapy-com.fr\/echoppe\/?post_type=product&#038;p=16253"},"modified":"2022-06-24T12:34:20","modified_gmt":"2022-06-24T10:34:20","slug":"spatule-de-cuisine-serly","status":"publish","type":"product","link":"https:\/\/www.hapy-com.fr\/echoppe\/product\/spatule-de-cuisine-serly\/","title":{"rendered":"Spatule de Cuisine Serly"},"content":{"rendered":"<p>Spatule de cuisine Gamme \u00e9co-friendly en bambou poli, avec poign\u00e9e d\u00e9coup\u00e9e pour accrocher.<\/p>\n","protected":false},"excerpt":{"rendered":"<p>Spatule de cuisine Gamme \u00e9co-friendly en bambou poli, avec poign\u00e9e d\u00e9coup\u00e9e pour accrocher.<\/p>\n","protected":false},"featured_media":16268,"template":"","meta":[],"product_cat":[355],"product_tag":[],"class_list":{"0":"post-16253","1":"product","2":"type-product","3":"status-publish","4":"has-post-thumbnail","6":"product_cat-interieur-deco-2","8":"first","9":"instock","10":"shipping-taxable","11":"purchasable","12":"product-type-simple"},"_links":{"self":[{"href":"https:\/\/www.hapy-com.fr\/echoppe\/wp-json\/wp\/v2\/product\/16253","targetHints":{"allow":["GET"]}}],"collection":[{"href":"https:\/\/www.hapy-com.fr\/echoppe\/wp-json\/wp\/v2\/product"}],"about":[{"href":"https:\/\/www.hapy-com.fr\/echoppe\/wp-json\/wp\/v2\/types\/product"}],"wp:featuredmedia":[{"embeddable":true,"href":"https:\/\/www.hapy-com.fr\/echoppe\/wp-json\/wp\/v2\/media\/16268"}],"wp:attachment":[{"href":"https:\/\/www.hapy-com.fr\/echoppe\/wp-json\/wp\/v2\/media?parent=16253"}],"wp:term":[{"taxonomy":"product_cat","embeddable":true,"href":"https:\/\/www.hapy-com.fr\/echoppe\/wp-json\/wp\/v2\/product_cat?post=16253"},{"taxonomy":"product_tag","embeddable":true,"href":"https:\/\/www.hapy-com.fr\/echoppe\/wp-json\/wp\/v2\/product_tag?post=16253"}],"curies":[{"name":"wp","href":"https:\/\/api.w.org\/{rel}","templated":true}]}}