{"id":16256,"date":"2022-06-24T12:34:16","date_gmt":"2022-06-24T10:34:16","guid":{"rendered":"http:\/\/www.hapy-com.fr\/echoppe\/?post_type=product&#038;p=16256"},"modified":"2022-06-24T12:34:27","modified_gmt":"2022-06-24T10:34:27","slug":"ouvre-bouteille-antibacterien-zazu","status":"publish","type":"product","link":"https:\/\/www.hapy-com.fr\/echoppe\/product\/ouvre-bouteille-antibacterien-zazu\/","title":{"rendered":"Ouvre Bouteille Antibact\u00e9rien Zazu"},"content":{"rendered":"<p>Ouvre-porte antibact\u00e9rien avec corps r\u00e9sistant dans une finition solide et pi\u00e8ce centrale en m\u00e9tal pour l\u00b4ouverture. Face arri\u00e8re avec fonction de couvercle de bouteille. Sp\u00e9cialement con\u00e7u pour la tampographie.  Les produits avec des traitements antibact\u00e9riens sont capables de r\u00e9duire consid\u00e9rablement les niveaux bact\u00e9riens pr\u00e9sents sur les surfaces des mat\u00e9riaux, gr\u00e2ce \u00e0 l\u00b4ajout d\u00b4agents microbiens statiques permanents, avec une grande efficacit\u00e9 pour inhiber et pr\u00e9venir la contamination bact\u00e9rienne.  Article selon la norme ISO 22196, qui d\u00e9termine l\u00b4activit\u00e9 antibact\u00e9rienne des mati\u00e8res plastiques et des surfaces non poreuses. Cela nous permet de conna\u00eetre l\u00b4efficacit\u00e9 de l\u00b4inhibition microbienne des additifs sur les objets trait\u00e9s au moyen d\u00b4une \u00e9valuation quantitative.<\/p>\n","protected":false},"excerpt":{"rendered":"<p>Ouvre-porte antibact\u00e9rien avec corps r\u00e9sistant dans une finition solide et pi\u00e8ce centrale en m\u00e9tal pour l\u00b4ouverture. Face arri\u00e8re avec fonction de couvercle de bouteille. Sp\u00e9cialement con\u00e7u pour la tampographie. Les&#8230;<\/p>\n","protected":false},"featured_media":16274,"template":"","meta":[],"product_cat":[355],"product_tag":[],"class_list":{"0":"post-16256","1":"product","2":"type-product","3":"status-publish","4":"has-post-thumbnail","6":"product_cat-interieur-deco-2","8":"first","9":"instock","10":"shipping-taxable","11":"purchasable","12":"product-type-simple"},"_links":{"self":[{"href":"https:\/\/www.hapy-com.fr\/echoppe\/wp-json\/wp\/v2\/product\/16256","targetHints":{"allow":["GET"]}}],"collection":[{"href":"https:\/\/www.hapy-com.fr\/echoppe\/wp-json\/wp\/v2\/product"}],"about":[{"href":"https:\/\/www.hapy-com.fr\/echoppe\/wp-json\/wp\/v2\/types\/product"}],"wp:featuredmedia":[{"embeddable":true,"href":"https:\/\/www.hapy-com.fr\/echoppe\/wp-json\/wp\/v2\/media\/16274"}],"wp:attachment":[{"href":"https:\/\/www.hapy-com.fr\/echoppe\/wp-json\/wp\/v2\/media?parent=16256"}],"wp:term":[{"taxonomy":"product_cat","embeddable":true,"href":"https:\/\/www.hapy-com.fr\/echoppe\/wp-json\/wp\/v2\/product_cat?post=16256"},{"taxonomy":"product_tag","embeddable":true,"href":"https:\/\/www.hapy-com.fr\/echoppe\/wp-json\/wp\/v2\/product_tag?post=16256"}],"curies":[{"name":"wp","href":"https:\/\/api.w.org\/{rel}","templated":true}]}}