{"id":16258,"date":"2022-06-24T12:34:16","date_gmt":"2022-06-24T10:34:16","guid":{"rendered":"http:\/\/www.hapy-com.fr\/echoppe\/?post_type=product&#038;p=16258"},"modified":"2022-06-24T12:34:32","modified_gmt":"2022-06-24T10:34:32","slug":"couverture-kayla","status":"publish","type":"product","link":"https:\/\/www.hapy-com.fr\/echoppe\/product\/couverture-kayla\/","title":{"rendered":"Couverture Kayla"},"content":{"rendered":"<p>Couverture de 120 x 150cm dans la gamme vari\u00e9e des couleurs vives. En polaire RPET de 200g\/m2, fabriqu\u00e9 \u00e0 partir de plastique recycl\u00e9 pour favoriser la r\u00e9utilisation des d\u00e9chets plastiques et contribuer \u00e0 la durabilit\u00e9 de la plan\u00e8te.   Disponible dans une large gamme de couleurs, avec couvercle de fermeture \u00e0 cordon RPET et badge d\u2019\u00e9tiquette. *Pour les commandes avec impression, le co\u00fbt du marquage doit \u00eatre major\u00e9 de + 0,20 \/ unit\u00e9 pour traitement sp\u00e9cial.*<\/p>\n","protected":false},"excerpt":{"rendered":"<p>Couverture de 120 x 150cm dans la gamme vari\u00e9e des couleurs vives. En polaire RPET de 200g\/m2, fabriqu\u00e9 \u00e0 partir de plastique recycl\u00e9 pour favoriser la r\u00e9utilisation des d\u00e9chets plastiques&#8230;<\/p>\n","protected":false},"featured_media":16278,"template":"","meta":[],"product_cat":[355],"product_tag":[],"class_list":{"0":"post-16258","1":"product","2":"type-product","3":"status-publish","4":"has-post-thumbnail","6":"product_cat-interieur-deco-2","8":"first","9":"instock","10":"shipping-taxable","11":"purchasable","12":"product-type-simple"},"_links":{"self":[{"href":"https:\/\/www.hapy-com.fr\/echoppe\/wp-json\/wp\/v2\/product\/16258","targetHints":{"allow":["GET"]}}],"collection":[{"href":"https:\/\/www.hapy-com.fr\/echoppe\/wp-json\/wp\/v2\/product"}],"about":[{"href":"https:\/\/www.hapy-com.fr\/echoppe\/wp-json\/wp\/v2\/types\/product"}],"wp:featuredmedia":[{"embeddable":true,"href":"https:\/\/www.hapy-com.fr\/echoppe\/wp-json\/wp\/v2\/media\/16278"}],"wp:attachment":[{"href":"https:\/\/www.hapy-com.fr\/echoppe\/wp-json\/wp\/v2\/media?parent=16258"}],"wp:term":[{"taxonomy":"product_cat","embeddable":true,"href":"https:\/\/www.hapy-com.fr\/echoppe\/wp-json\/wp\/v2\/product_cat?post=16258"},{"taxonomy":"product_tag","embeddable":true,"href":"https:\/\/www.hapy-com.fr\/echoppe\/wp-json\/wp\/v2\/product_tag?post=16258"}],"curies":[{"name":"wp","href":"https:\/\/api.w.org\/{rel}","templated":true}]}}