{"id":16260,"date":"2022-06-24T12:34:16","date_gmt":"2022-06-24T10:34:16","guid":{"rendered":"http:\/\/www.hapy-com.fr\/echoppe\/?post_type=product&#038;p=16260"},"modified":"2022-06-24T12:34:37","modified_gmt":"2022-06-24T10:34:37","slug":"set-sous-verre-kappal","status":"publish","type":"product","link":"https:\/\/www.hapy-com.fr\/echoppe\/product\/set-sous-verre-kappal\/","title":{"rendered":"Set Sous-Verre Kappal"},"content":{"rendered":"<p>Ensemble de 4 sous-verres de ligne naturelle. Fait de bambou laqu\u00e9 et pr\u00e9sent\u00e9 dans une bo\u00eete individuelle attrayante en l\u2019\u00e9co-conception.<\/p>\n","protected":false},"excerpt":{"rendered":"<p>Ensemble de 4 sous-verres de ligne naturelle. Fait de bambou laqu\u00e9 et pr\u00e9sent\u00e9 dans une bo\u00eete individuelle attrayante en l\u2019\u00e9co-conception.<\/p>\n","protected":false},"featured_media":16282,"template":"","meta":[],"product_cat":[355],"product_tag":[],"class_list":{"0":"post-16260","1":"product","2":"type-product","3":"status-publish","4":"has-post-thumbnail","6":"product_cat-interieur-deco-2","8":"first","9":"instock","10":"shipping-taxable","11":"purchasable","12":"product-type-simple"},"_links":{"self":[{"href":"https:\/\/www.hapy-com.fr\/echoppe\/wp-json\/wp\/v2\/product\/16260","targetHints":{"allow":["GET"]}}],"collection":[{"href":"https:\/\/www.hapy-com.fr\/echoppe\/wp-json\/wp\/v2\/product"}],"about":[{"href":"https:\/\/www.hapy-com.fr\/echoppe\/wp-json\/wp\/v2\/types\/product"}],"wp:featuredmedia":[{"embeddable":true,"href":"https:\/\/www.hapy-com.fr\/echoppe\/wp-json\/wp\/v2\/media\/16282"}],"wp:attachment":[{"href":"https:\/\/www.hapy-com.fr\/echoppe\/wp-json\/wp\/v2\/media?parent=16260"}],"wp:term":[{"taxonomy":"product_cat","embeddable":true,"href":"https:\/\/www.hapy-com.fr\/echoppe\/wp-json\/wp\/v2\/product_cat?post=16260"},{"taxonomy":"product_tag","embeddable":true,"href":"https:\/\/www.hapy-com.fr\/echoppe\/wp-json\/wp\/v2\/product_tag?post=16260"}],"curies":[{"name":"wp","href":"https:\/\/api.w.org\/{rel}","templated":true}]}}