{"id":16261,"date":"2022-06-24T12:34:17","date_gmt":"2022-06-24T10:34:17","guid":{"rendered":"http:\/\/www.hapy-com.fr\/echoppe\/?post_type=product&#038;p=16261"},"modified":"2022-06-24T12:34:39","modified_gmt":"2022-06-24T10:34:39","slug":"planche-a-decouper-saraby","status":"publish","type":"product","link":"https:\/\/www.hapy-com.fr\/echoppe\/product\/planche-a-decouper-saraby\/","title":{"rendered":"Planche \u00e0 D\u00e9couper Saraby"},"content":{"rendered":"<p>Table en bambou, finition polie douce et r\u00e9sistante. Id\u00e9al pour couper et pour une pr\u00e9sentation. Avec poign\u00e9e pour une manipulation facile et cordon \u00e0 accrocher sur simile de cuir.<\/p>\n","protected":false},"excerpt":{"rendered":"<p>Table en bambou, finition polie douce et r\u00e9sistante. Id\u00e9al pour couper et pour une pr\u00e9sentation. Avec poign\u00e9e pour une manipulation facile et cordon \u00e0 accrocher sur simile de cuir.<\/p>\n","protected":false},"featured_media":16284,"template":"","meta":[],"product_cat":[355],"product_tag":[],"class_list":{"0":"post-16261","1":"product","2":"type-product","3":"status-publish","4":"has-post-thumbnail","6":"product_cat-interieur-deco-2","8":"first","9":"instock","10":"shipping-taxable","11":"purchasable","12":"product-type-simple"},"_links":{"self":[{"href":"https:\/\/www.hapy-com.fr\/echoppe\/wp-json\/wp\/v2\/product\/16261","targetHints":{"allow":["GET"]}}],"collection":[{"href":"https:\/\/www.hapy-com.fr\/echoppe\/wp-json\/wp\/v2\/product"}],"about":[{"href":"https:\/\/www.hapy-com.fr\/echoppe\/wp-json\/wp\/v2\/types\/product"}],"wp:featuredmedia":[{"embeddable":true,"href":"https:\/\/www.hapy-com.fr\/echoppe\/wp-json\/wp\/v2\/media\/16284"}],"wp:attachment":[{"href":"https:\/\/www.hapy-com.fr\/echoppe\/wp-json\/wp\/v2\/media?parent=16261"}],"wp:term":[{"taxonomy":"product_cat","embeddable":true,"href":"https:\/\/www.hapy-com.fr\/echoppe\/wp-json\/wp\/v2\/product_cat?post=16261"},{"taxonomy":"product_tag","embeddable":true,"href":"https:\/\/www.hapy-com.fr\/echoppe\/wp-json\/wp\/v2\/product_tag?post=16261"}],"curies":[{"name":"wp","href":"https:\/\/api.w.org\/{rel}","templated":true}]}}