{"id":16781,"date":"2022-06-24T12:43:41","date_gmt":"2022-06-24T10:43:41","guid":{"rendered":"http:\/\/www.hapy-com.fr\/echoppe\/product\/chapeau-texas\/"},"modified":"2022-07-05T21:28:56","modified_gmt":"2022-07-05T19:28:56","slug":"chapeau-texas","status":"publish","type":"product","link":"https:\/\/www.hapy-com.fr\/echoppe\/product\/chapeau-texas\/","title":{"rendered":"Chapeau Texas"},"content":{"rendered":"<p>Chapeau texan de grande qualit\u00e9 en mati\u00e8re synth\u00e9tique avec ruban int\u00e9rieur confortable assorti.<\/p>\n","protected":false},"excerpt":{"rendered":"<p>Chapeau texan de grande qualit\u00e9 en mati\u00e8re synth\u00e9tique avec ruban int\u00e9rieur confortable assorti.<\/p>\n","protected":false},"featured_media":16780,"template":"","meta":[],"product_cat":[356,445],"product_tag":[],"class_list":{"0":"post-16781","1":"product","2":"type-product","3":"status-publish","4":"has-post-thumbnail","6":"product_cat-casquettes-et-chapeaux","7":"product_cat-casquette-et-visiere","9":"first","10":"instock","11":"shipping-taxable","12":"purchasable","13":"product-type-simple"},"_links":{"self":[{"href":"https:\/\/www.hapy-com.fr\/echoppe\/wp-json\/wp\/v2\/product\/16781","targetHints":{"allow":["GET"]}}],"collection":[{"href":"https:\/\/www.hapy-com.fr\/echoppe\/wp-json\/wp\/v2\/product"}],"about":[{"href":"https:\/\/www.hapy-com.fr\/echoppe\/wp-json\/wp\/v2\/types\/product"}],"wp:featuredmedia":[{"embeddable":true,"href":"https:\/\/www.hapy-com.fr\/echoppe\/wp-json\/wp\/v2\/media\/16780"}],"wp:attachment":[{"href":"https:\/\/www.hapy-com.fr\/echoppe\/wp-json\/wp\/v2\/media?parent=16781"}],"wp:term":[{"taxonomy":"product_cat","embeddable":true,"href":"https:\/\/www.hapy-com.fr\/echoppe\/wp-json\/wp\/v2\/product_cat?post=16781"},{"taxonomy":"product_tag","embeddable":true,"href":"https:\/\/www.hapy-com.fr\/echoppe\/wp-json\/wp\/v2\/product_tag?post=16781"}],"curies":[{"name":"wp","href":"https:\/\/api.w.org\/{rel}","templated":true}]}}