{"id":16823,"date":"2022-06-24T12:44:15","date_gmt":"2022-06-24T10:44:15","guid":{"rendered":"http:\/\/www.hapy-com.fr\/echoppe\/product\/casquette-bayet-3\/"},"modified":"2022-07-05T21:26:42","modified_gmt":"2022-07-05T19:26:42","slug":"casquette-bayet-3","status":"publish","type":"product","link":"https:\/\/www.hapy-com.fr\/echoppe\/product\/casquette-bayet-3\/","title":{"rendered":"Casquette Bayet"},"content":{"rendered":"<p>Casquette \u00e0 5 panneaux en polyester de qualit\u00e9. Panneau frontal de couleur unie et aspect bicolore des autres panneaux et de la visi\u00e8re avec leur coloris chin\u00e9. Trous d\u00b4a\u00e9ration brod\u00e9s et fermeture Velcro r\u00e9glable.<\/p>\n","protected":false},"excerpt":{"rendered":"<p>Casquette \u00e0 5 panneaux en polyester de qualit\u00e9. Panneau frontal de couleur unie et aspect bicolore des autres panneaux et de la visi\u00e8re avec leur coloris chin\u00e9. Trous d\u00b4a\u00e9ration brod\u00e9s&#8230;<\/p>\n","protected":false},"featured_media":16822,"template":"","meta":[],"product_cat":[446,356],"product_tag":[],"class_list":{"0":"post-16823","1":"product","2":"type-product","3":"status-publish","4":"has-post-thumbnail","6":"product_cat-casquette-et-visiere-casquettes-et-chapeaux","7":"product_cat-casquettes-et-chapeaux","9":"first","10":"instock","11":"shipping-taxable","12":"purchasable","13":"product-type-simple"},"_links":{"self":[{"href":"https:\/\/www.hapy-com.fr\/echoppe\/wp-json\/wp\/v2\/product\/16823","targetHints":{"allow":["GET"]}}],"collection":[{"href":"https:\/\/www.hapy-com.fr\/echoppe\/wp-json\/wp\/v2\/product"}],"about":[{"href":"https:\/\/www.hapy-com.fr\/echoppe\/wp-json\/wp\/v2\/types\/product"}],"wp:featuredmedia":[{"embeddable":true,"href":"https:\/\/www.hapy-com.fr\/echoppe\/wp-json\/wp\/v2\/media\/16822"}],"wp:attachment":[{"href":"https:\/\/www.hapy-com.fr\/echoppe\/wp-json\/wp\/v2\/media?parent=16823"}],"wp:term":[{"taxonomy":"product_cat","embeddable":true,"href":"https:\/\/www.hapy-com.fr\/echoppe\/wp-json\/wp\/v2\/product_cat?post=16823"},{"taxonomy":"product_tag","embeddable":true,"href":"https:\/\/www.hapy-com.fr\/echoppe\/wp-json\/wp\/v2\/product_tag?post=16823"}],"curies":[{"name":"wp","href":"https:\/\/api.w.org\/{rel}","templated":true}]}}