{"id":17064,"date":"2022-06-24T12:47:24","date_gmt":"2022-06-24T10:47:24","guid":{"rendered":"http:\/\/www.hapy-com.fr\/echoppe\/product\/eventail-dubert\/"},"modified":"2022-06-24T12:47:24","modified_gmt":"2022-06-24T10:47:24","slug":"eventail-dubert","status":"publish","type":"product","link":"https:\/\/www.hapy-com.fr\/echoppe\/product\/eventail-dubert\/","title":{"rendered":"\u00c9ventail Dubert"},"content":{"rendered":"<p>\u00c9ventail en bois et  coton. Pr\u00e9sent\u00e9 dans une bo\u00eete individuelle \u00e9co design.<\/p>\n","protected":false},"excerpt":{"rendered":"<p>\u00c9ventail en bois et coton. Pr\u00e9sent\u00e9 dans une bo\u00eete individuelle \u00e9co design.<\/p>\n","protected":false},"featured_media":17062,"template":"","meta":[],"product_cat":[357],"product_tag":[],"class_list":{"0":"post-17064","1":"product","2":"type-product","3":"status-publish","4":"has-post-thumbnail","6":"product_cat-eco-friendly","8":"first","9":"instock","10":"shipping-taxable","11":"purchasable","12":"product-type-simple"},"_links":{"self":[{"href":"https:\/\/www.hapy-com.fr\/echoppe\/wp-json\/wp\/v2\/product\/17064","targetHints":{"allow":["GET"]}}],"collection":[{"href":"https:\/\/www.hapy-com.fr\/echoppe\/wp-json\/wp\/v2\/product"}],"about":[{"href":"https:\/\/www.hapy-com.fr\/echoppe\/wp-json\/wp\/v2\/types\/product"}],"wp:featuredmedia":[{"embeddable":true,"href":"https:\/\/www.hapy-com.fr\/echoppe\/wp-json\/wp\/v2\/media\/17062"}],"wp:attachment":[{"href":"https:\/\/www.hapy-com.fr\/echoppe\/wp-json\/wp\/v2\/media?parent=17064"}],"wp:term":[{"taxonomy":"product_cat","embeddable":true,"href":"https:\/\/www.hapy-com.fr\/echoppe\/wp-json\/wp\/v2\/product_cat?post=17064"},{"taxonomy":"product_tag","embeddable":true,"href":"https:\/\/www.hapy-com.fr\/echoppe\/wp-json\/wp\/v2\/product_tag?post=17064"}],"curies":[{"name":"wp","href":"https:\/\/api.w.org\/{rel}","templated":true}]}}