{"id":17097,"date":"2022-06-24T12:47:53","date_gmt":"2022-06-24T10:47:53","guid":{"rendered":"http:\/\/www.hapy-com.fr\/echoppe\/product\/necessaire-lindak\/"},"modified":"2022-06-24T12:47:53","modified_gmt":"2022-06-24T10:47:53","slug":"necessaire-lindak","status":"publish","type":"product","link":"https:\/\/www.hapy-com.fr\/echoppe\/product\/necessaire-lindak\/","title":{"rendered":"N\u00e9cessaire Lindak"},"content":{"rendered":"<p>Petite trousse de toilette ou de maquillage en toile de jute lamin\u00e9 avec fermeture \u00e9clair avec cordelette et pompon \u00e0 son extr\u00e9mit\u00e9.<\/p>\n","protected":false},"excerpt":{"rendered":"<p>Petite trousse de toilette ou de maquillage en toile de jute lamin\u00e9 avec fermeture \u00e9clair avec cordelette et pompon \u00e0 son extr\u00e9mit\u00e9.<\/p>\n","protected":false},"featured_media":17095,"template":"","meta":[],"product_cat":[357],"product_tag":[],"class_list":{"0":"post-17097","1":"product","2":"type-product","3":"status-publish","4":"has-post-thumbnail","6":"product_cat-eco-friendly","8":"first","9":"instock","10":"shipping-taxable","11":"purchasable","12":"product-type-simple"},"_links":{"self":[{"href":"https:\/\/www.hapy-com.fr\/echoppe\/wp-json\/wp\/v2\/product\/17097","targetHints":{"allow":["GET"]}}],"collection":[{"href":"https:\/\/www.hapy-com.fr\/echoppe\/wp-json\/wp\/v2\/product"}],"about":[{"href":"https:\/\/www.hapy-com.fr\/echoppe\/wp-json\/wp\/v2\/types\/product"}],"wp:featuredmedia":[{"embeddable":true,"href":"https:\/\/www.hapy-com.fr\/echoppe\/wp-json\/wp\/v2\/media\/17095"}],"wp:attachment":[{"href":"https:\/\/www.hapy-com.fr\/echoppe\/wp-json\/wp\/v2\/media?parent=17097"}],"wp:term":[{"taxonomy":"product_cat","embeddable":true,"href":"https:\/\/www.hapy-com.fr\/echoppe\/wp-json\/wp\/v2\/product_cat?post=17097"},{"taxonomy":"product_tag","embeddable":true,"href":"https:\/\/www.hapy-com.fr\/echoppe\/wp-json\/wp\/v2\/product_tag?post=17097"}],"curies":[{"name":"wp","href":"https:\/\/api.w.org\/{rel}","templated":true}]}}