{"id":17153,"date":"2022-06-24T12:48:26","date_gmt":"2022-06-24T10:48:26","guid":{"rendered":"http:\/\/www.hapy-com.fr\/echoppe\/product\/necessaire-halgar-4\/"},"modified":"2022-06-24T12:48:26","modified_gmt":"2022-06-24T10:48:26","slug":"necessaire-halgar-4","status":"publish","type":"product","link":"https:\/\/www.hapy-com.fr\/echoppe\/product\/necessaire-halgar-4\/","title":{"rendered":"N\u00e9cessaire Halgar"},"content":{"rendered":"<p>\u00c9tui de ligne naturelle en coton recycl\u00e9. Compartiment de fermeture \u00e0 glissi\u00e8re principal et ensemble de poign\u00e9e, avec l\u2019\u00e9tiquette recycl\u00e9e distinctive de coton.<\/p>\n","protected":false},"excerpt":{"rendered":"<p>\u00c9tui de ligne naturelle en coton recycl\u00e9. Compartiment de fermeture \u00e0 glissi\u00e8re principal et ensemble de poign\u00e9e, avec l\u2019\u00e9tiquette recycl\u00e9e distinctive de coton.<\/p>\n","protected":false},"featured_media":17152,"template":"","meta":[],"product_cat":[357],"product_tag":[],"class_list":{"0":"post-17153","1":"product","2":"type-product","3":"status-publish","4":"has-post-thumbnail","6":"product_cat-eco-friendly","8":"first","9":"instock","10":"shipping-taxable","11":"purchasable","12":"product-type-simple"},"_links":{"self":[{"href":"https:\/\/www.hapy-com.fr\/echoppe\/wp-json\/wp\/v2\/product\/17153","targetHints":{"allow":["GET"]}}],"collection":[{"href":"https:\/\/www.hapy-com.fr\/echoppe\/wp-json\/wp\/v2\/product"}],"about":[{"href":"https:\/\/www.hapy-com.fr\/echoppe\/wp-json\/wp\/v2\/types\/product"}],"wp:featuredmedia":[{"embeddable":true,"href":"https:\/\/www.hapy-com.fr\/echoppe\/wp-json\/wp\/v2\/media\/17152"}],"wp:attachment":[{"href":"https:\/\/www.hapy-com.fr\/echoppe\/wp-json\/wp\/v2\/media?parent=17153"}],"wp:term":[{"taxonomy":"product_cat","embeddable":true,"href":"https:\/\/www.hapy-com.fr\/echoppe\/wp-json\/wp\/v2\/product_cat?post=17153"},{"taxonomy":"product_tag","embeddable":true,"href":"https:\/\/www.hapy-com.fr\/echoppe\/wp-json\/wp\/v2\/product_tag?post=17153"}],"curies":[{"name":"wp","href":"https:\/\/api.w.org\/{rel}","templated":true}]}}