{"id":17199,"date":"2022-06-24T12:49:00","date_gmt":"2022-06-24T10:49:00","guid":{"rendered":"http:\/\/www.hapy-com.fr\/echoppe\/product\/miroir-naza-4\/"},"modified":"2022-07-05T21:37:54","modified_gmt":"2022-07-05T19:37:54","slug":"miroir-naza-4","status":"publish","type":"product","link":"https:\/\/www.hapy-com.fr\/echoppe\/product\/miroir-naza-4\/","title":{"rendered":"Miroir Naza"},"content":{"rendered":"<p>Miroir pliable propos\u00e9 dans une gamme vari\u00e9e de couleurs vives translucides avec deux miroirs int\u00e9rieurs- Grossissement 1x et 2x<\/p>\n","protected":false},"excerpt":{"rendered":"<p>Miroir pliable propos\u00e9 dans une gamme vari\u00e9e de couleurs vives translucides avec deux miroirs int\u00e9rieurs- Grossissement 1x et 2x<\/p>\n","protected":false},"featured_media":17198,"template":"","meta":[],"product_cat":[358,452],"product_tag":[],"class_list":{"0":"post-17199","1":"product","2":"type-product","3":"status-publish","4":"has-post-thumbnail","6":"product_cat-femmes","7":"product_cat-miroir","9":"first","10":"instock","11":"shipping-taxable","12":"purchasable","13":"product-type-simple"},"_links":{"self":[{"href":"https:\/\/www.hapy-com.fr\/echoppe\/wp-json\/wp\/v2\/product\/17199","targetHints":{"allow":["GET"]}}],"collection":[{"href":"https:\/\/www.hapy-com.fr\/echoppe\/wp-json\/wp\/v2\/product"}],"about":[{"href":"https:\/\/www.hapy-com.fr\/echoppe\/wp-json\/wp\/v2\/types\/product"}],"wp:featuredmedia":[{"embeddable":true,"href":"https:\/\/www.hapy-com.fr\/echoppe\/wp-json\/wp\/v2\/media\/17198"}],"wp:attachment":[{"href":"https:\/\/www.hapy-com.fr\/echoppe\/wp-json\/wp\/v2\/media?parent=17199"}],"wp:term":[{"taxonomy":"product_cat","embeddable":true,"href":"https:\/\/www.hapy-com.fr\/echoppe\/wp-json\/wp\/v2\/product_cat?post=17199"},{"taxonomy":"product_tag","embeddable":true,"href":"https:\/\/www.hapy-com.fr\/echoppe\/wp-json\/wp\/v2\/product_tag?post=17199"}],"curies":[{"name":"wp","href":"https:\/\/api.w.org\/{rel}","templated":true}]}}