{"id":17201,"date":"2022-06-24T12:49:02","date_gmt":"2022-06-24T10:49:02","guid":{"rendered":"http:\/\/www.hapy-com.fr\/echoppe\/product\/necessaire-fergi\/"},"modified":"2022-06-24T12:49:02","modified_gmt":"2022-06-24T10:49:02","slug":"necessaire-fergi","status":"publish","type":"product","link":"https:\/\/www.hapy-com.fr\/echoppe\/product\/necessaire-fergi\/","title":{"rendered":"N\u00e9cessaire Fergi"},"content":{"rendered":"<p>N\u00e9cessaire multi-usages en PVC r\u00e9sistant et translucide propos\u00e9 en gamme de couleurs vari\u00e9es. Poign\u00e9e r\u00e9sistante d\u00e9coup\u00e9e et zip de fermeture assorti avec tire-zip pour faciliter l\u00b4ouverture.<\/p>\n","protected":false},"excerpt":{"rendered":"<p>N\u00e9cessaire multi-usages en PVC r\u00e9sistant et translucide propos\u00e9 en gamme de couleurs vari\u00e9es. Poign\u00e9e r\u00e9sistante d\u00e9coup\u00e9e et zip de fermeture assorti avec tire-zip pour faciliter l\u00b4ouverture.<\/p>\n","protected":false},"featured_media":17200,"template":"","meta":[],"product_cat":[358],"product_tag":[],"class_list":{"0":"post-17201","1":"product","2":"type-product","3":"status-publish","4":"has-post-thumbnail","6":"product_cat-femmes","8":"first","9":"instock","10":"shipping-taxable","11":"purchasable","12":"product-type-simple"},"_links":{"self":[{"href":"https:\/\/www.hapy-com.fr\/echoppe\/wp-json\/wp\/v2\/product\/17201","targetHints":{"allow":["GET"]}}],"collection":[{"href":"https:\/\/www.hapy-com.fr\/echoppe\/wp-json\/wp\/v2\/product"}],"about":[{"href":"https:\/\/www.hapy-com.fr\/echoppe\/wp-json\/wp\/v2\/types\/product"}],"wp:featuredmedia":[{"embeddable":true,"href":"https:\/\/www.hapy-com.fr\/echoppe\/wp-json\/wp\/v2\/media\/17200"}],"wp:attachment":[{"href":"https:\/\/www.hapy-com.fr\/echoppe\/wp-json\/wp\/v2\/media?parent=17201"}],"wp:term":[{"taxonomy":"product_cat","embeddable":true,"href":"https:\/\/www.hapy-com.fr\/echoppe\/wp-json\/wp\/v2\/product_cat?post=17201"},{"taxonomy":"product_tag","embeddable":true,"href":"https:\/\/www.hapy-com.fr\/echoppe\/wp-json\/wp\/v2\/product_tag?post=17201"}],"curies":[{"name":"wp","href":"https:\/\/api.w.org\/{rel}","templated":true}]}}