{"id":17222,"date":"2022-06-24T12:49:17","date_gmt":"2022-06-24T10:49:17","guid":{"rendered":"http:\/\/www.hapy-com.fr\/echoppe\/product\/set-cosmetique-yosie\/"},"modified":"2022-07-05T21:44:37","modified_gmt":"2022-07-05T19:44:37","slug":"set-cosmetique-yosie","status":"publish","type":"product","link":"https:\/\/www.hapy-com.fr\/echoppe\/product\/set-cosmetique-yosie\/","title":{"rendered":"Set Cosm\u00e9tique Yosie"},"content":{"rendered":"<p>Set cosm\u00e9tique compos\u00e9 de 5 accessoires propos\u00e9 en divers coloris.Composition :  brosse avec compartiment transparent int\u00e9gr\u00e9 dans le corps et 4 applicateurs.<\/p>\n","protected":false},"excerpt":{"rendered":"<p>Set cosm\u00e9tique compos\u00e9 de 5 accessoires propos\u00e9 en divers coloris.Composition : brosse avec compartiment transparent int\u00e9gr\u00e9 dans le corps et 4 applicateurs.<\/p>\n","protected":false},"featured_media":17220,"template":"","meta":[],"product_cat":[358,458],"product_tag":[],"class_list":{"0":"post-17222","1":"product","2":"type-product","3":"status-publish","4":"has-post-thumbnail","6":"product_cat-femmes","7":"product_cat-set","9":"first","10":"instock","11":"shipping-taxable","12":"purchasable","13":"product-type-simple"},"_links":{"self":[{"href":"https:\/\/www.hapy-com.fr\/echoppe\/wp-json\/wp\/v2\/product\/17222","targetHints":{"allow":["GET"]}}],"collection":[{"href":"https:\/\/www.hapy-com.fr\/echoppe\/wp-json\/wp\/v2\/product"}],"about":[{"href":"https:\/\/www.hapy-com.fr\/echoppe\/wp-json\/wp\/v2\/types\/product"}],"wp:featuredmedia":[{"embeddable":true,"href":"https:\/\/www.hapy-com.fr\/echoppe\/wp-json\/wp\/v2\/media\/17220"}],"wp:attachment":[{"href":"https:\/\/www.hapy-com.fr\/echoppe\/wp-json\/wp\/v2\/media?parent=17222"}],"wp:term":[{"taxonomy":"product_cat","embeddable":true,"href":"https:\/\/www.hapy-com.fr\/echoppe\/wp-json\/wp\/v2\/product_cat?post=17222"},{"taxonomy":"product_tag","embeddable":true,"href":"https:\/\/www.hapy-com.fr\/echoppe\/wp-json\/wp\/v2\/product_tag?post=17222"}],"curies":[{"name":"wp","href":"https:\/\/api.w.org\/{rel}","templated":true}]}}