{"id":17312,"date":"2022-06-24T12:50:22","date_gmt":"2022-06-24T10:50:22","guid":{"rendered":"http:\/\/www.hapy-com.fr\/echoppe\/product\/set-manicure-silton-2\/"},"modified":"2022-07-05T21:44:40","modified_gmt":"2022-07-05T19:44:40","slug":"set-manicure-silton-2","status":"publish","type":"product","link":"https:\/\/www.hapy-com.fr\/echoppe\/product\/set-manicure-silton-2\/","title":{"rendered":"Set Manicure Silton"},"content":{"rendered":"<p>Set de manucure compos\u00e9 de 3 accessoires en acier inoxydable pr\u00e9sent\u00e9s dans un \u00e9tui en PVC r\u00e9sistant transparent. Couleurs vives. Comprend des ciseaux, une pince \u00e0 \u00e9piler et un coupe-ongles avec lime. Housses int\u00e9rieures pour accessoires et fermoir. Enti\u00e8rement d\u00e9pliable pour un marquage facile.<\/p>\n","protected":false},"excerpt":{"rendered":"<p>Set de manucure compos\u00e9 de 3 accessoires en acier inoxydable pr\u00e9sent\u00e9s dans un \u00e9tui en PVC r\u00e9sistant transparent. Couleurs vives. Comprend des ciseaux, une pince \u00e0 \u00e9piler et un coupe-ongles&#8230;<\/p>\n","protected":false},"featured_media":17311,"template":"","meta":[],"product_cat":[358,458],"product_tag":[],"class_list":{"0":"post-17312","1":"product","2":"type-product","3":"status-publish","4":"has-post-thumbnail","6":"product_cat-femmes","7":"product_cat-set","9":"first","10":"instock","11":"shipping-taxable","12":"purchasable","13":"product-type-simple"},"_links":{"self":[{"href":"https:\/\/www.hapy-com.fr\/echoppe\/wp-json\/wp\/v2\/product\/17312","targetHints":{"allow":["GET"]}}],"collection":[{"href":"https:\/\/www.hapy-com.fr\/echoppe\/wp-json\/wp\/v2\/product"}],"about":[{"href":"https:\/\/www.hapy-com.fr\/echoppe\/wp-json\/wp\/v2\/types\/product"}],"wp:featuredmedia":[{"embeddable":true,"href":"https:\/\/www.hapy-com.fr\/echoppe\/wp-json\/wp\/v2\/media\/17311"}],"wp:attachment":[{"href":"https:\/\/www.hapy-com.fr\/echoppe\/wp-json\/wp\/v2\/media?parent=17312"}],"wp:term":[{"taxonomy":"product_cat","embeddable":true,"href":"https:\/\/www.hapy-com.fr\/echoppe\/wp-json\/wp\/v2\/product_cat?post=17312"},{"taxonomy":"product_tag","embeddable":true,"href":"https:\/\/www.hapy-com.fr\/echoppe\/wp-json\/wp\/v2\/product_tag?post=17312"}],"curies":[{"name":"wp","href":"https:\/\/api.w.org\/{rel}","templated":true}]}}