{"id":17402,"date":"2022-06-24T12:51:30","date_gmt":"2022-06-24T10:51:30","guid":{"rendered":"http:\/\/www.hapy-com.fr\/echoppe\/product\/fourre-tout-richen\/"},"modified":"2022-07-05T21:31:18","modified_gmt":"2022-07-05T19:31:18","slug":"fourre-tout-richen","status":"publish","type":"product","link":"https:\/\/www.hapy-com.fr\/echoppe\/product\/fourre-tout-richen\/","title":{"rendered":"Fourre-Tout Richen"},"content":{"rendered":"<p>Pochette de la gamme \u00e9co-friendly. Avec doublure int\u00e9rieure assortie, poign\u00e9e de transport avec mousqueton en m\u00e9tal, fermeture \u00e9clair.<\/p>\n","protected":false},"excerpt":{"rendered":"<p>Pochette de la gamme \u00e9co-friendly. Avec doublure int\u00e9rieure assortie, poign\u00e9e de transport avec mousqueton en m\u00e9tal, fermeture \u00e9clair.<\/p>\n","protected":false},"featured_media":17401,"template":"","meta":[],"product_cat":[358,449],"product_tag":[],"class_list":{"0":"post-17402","1":"product","2":"type-product","3":"status-publish","4":"has-post-thumbnail","6":"product_cat-femmes","7":"product_cat-fourre-tout","9":"first","10":"instock","11":"shipping-taxable","12":"purchasable","13":"product-type-simple"},"_links":{"self":[{"href":"https:\/\/www.hapy-com.fr\/echoppe\/wp-json\/wp\/v2\/product\/17402","targetHints":{"allow":["GET"]}}],"collection":[{"href":"https:\/\/www.hapy-com.fr\/echoppe\/wp-json\/wp\/v2\/product"}],"about":[{"href":"https:\/\/www.hapy-com.fr\/echoppe\/wp-json\/wp\/v2\/types\/product"}],"wp:featuredmedia":[{"embeddable":true,"href":"https:\/\/www.hapy-com.fr\/echoppe\/wp-json\/wp\/v2\/media\/17401"}],"wp:attachment":[{"href":"https:\/\/www.hapy-com.fr\/echoppe\/wp-json\/wp\/v2\/media?parent=17402"}],"wp:term":[{"taxonomy":"product_cat","embeddable":true,"href":"https:\/\/www.hapy-com.fr\/echoppe\/wp-json\/wp\/v2\/product_cat?post=17402"},{"taxonomy":"product_tag","embeddable":true,"href":"https:\/\/www.hapy-com.fr\/echoppe\/wp-json\/wp\/v2\/product_tag?post=17402"}],"curies":[{"name":"wp","href":"https:\/\/api.w.org\/{rel}","templated":true}]}}