{"id":17406,"date":"2022-06-24T12:51:33","date_gmt":"2022-06-24T10:51:33","guid":{"rendered":"http:\/\/www.hapy-com.fr\/echoppe\/product\/miroir-bilof\/"},"modified":"2022-07-05T21:37:53","modified_gmt":"2022-07-05T19:37:53","slug":"miroir-bilof","status":"publish","type":"product","link":"https:\/\/www.hapy-com.fr\/echoppe\/product\/miroir-bilof\/","title":{"rendered":"Miroir Bilof"},"content":{"rendered":"<p>Miroir de poche pliable, finition \u00e9l\u00e9gante chrom\u00e9e. A Double miroir avec un miroir grossissant 1X et un miroir 2X.<\/p>\n","protected":false},"excerpt":{"rendered":"<p>Miroir de poche pliable, finition \u00e9l\u00e9gante chrom\u00e9e. A Double miroir avec un miroir grossissant 1X et un miroir 2X.<\/p>\n","protected":false},"featured_media":17405,"template":"","meta":[],"product_cat":[358,452],"product_tag":[],"class_list":{"0":"post-17406","1":"product","2":"type-product","3":"status-publish","4":"has-post-thumbnail","6":"product_cat-femmes","7":"product_cat-miroir","9":"first","10":"instock","11":"shipping-taxable","12":"purchasable","13":"product-type-simple"},"_links":{"self":[{"href":"https:\/\/www.hapy-com.fr\/echoppe\/wp-json\/wp\/v2\/product\/17406","targetHints":{"allow":["GET"]}}],"collection":[{"href":"https:\/\/www.hapy-com.fr\/echoppe\/wp-json\/wp\/v2\/product"}],"about":[{"href":"https:\/\/www.hapy-com.fr\/echoppe\/wp-json\/wp\/v2\/types\/product"}],"wp:featuredmedia":[{"embeddable":true,"href":"https:\/\/www.hapy-com.fr\/echoppe\/wp-json\/wp\/v2\/media\/17405"}],"wp:attachment":[{"href":"https:\/\/www.hapy-com.fr\/echoppe\/wp-json\/wp\/v2\/media?parent=17406"}],"wp:term":[{"taxonomy":"product_cat","embeddable":true,"href":"https:\/\/www.hapy-com.fr\/echoppe\/wp-json\/wp\/v2\/product_cat?post=17406"},{"taxonomy":"product_tag","embeddable":true,"href":"https:\/\/www.hapy-com.fr\/echoppe\/wp-json\/wp\/v2\/product_tag?post=17406"}],"curies":[{"name":"wp","href":"https:\/\/api.w.org\/{rel}","templated":true}]}}