{"id":17472,"date":"2022-06-24T12:52:21","date_gmt":"2022-06-24T10:52:21","guid":{"rendered":"http:\/\/www.hapy-com.fr\/echoppe\/product\/porte-monnaie-becky-3\/"},"modified":"2022-06-24T12:52:21","modified_gmt":"2022-06-24T10:52:21","slug":"porte-monnaie-becky-3","status":"publish","type":"product","link":"https:\/\/www.hapy-com.fr\/echoppe\/product\/porte-monnaie-becky-3\/","title":{"rendered":"Porte Monnaie Becky"},"content":{"rendered":"<p>Porte monnaie en PVC souple disponible dans une gamme de couleurs vives. Il se ferme avec son syst\u00e8me original de clic en m\u00e9tal. Doublure int\u00e9rieure.<\/p>\n","protected":false},"excerpt":{"rendered":"<p>Porte monnaie en PVC souple disponible dans une gamme de couleurs vives. Il se ferme avec son syst\u00e8me original de clic en m\u00e9tal. Doublure int\u00e9rieure.<\/p>\n","protected":false},"featured_media":17471,"template":"","meta":[],"product_cat":[358],"product_tag":[],"class_list":{"0":"post-17472","1":"product","2":"type-product","3":"status-publish","4":"has-post-thumbnail","6":"product_cat-femmes","8":"first","9":"instock","10":"shipping-taxable","11":"purchasable","12":"product-type-simple"},"_links":{"self":[{"href":"https:\/\/www.hapy-com.fr\/echoppe\/wp-json\/wp\/v2\/product\/17472","targetHints":{"allow":["GET"]}}],"collection":[{"href":"https:\/\/www.hapy-com.fr\/echoppe\/wp-json\/wp\/v2\/product"}],"about":[{"href":"https:\/\/www.hapy-com.fr\/echoppe\/wp-json\/wp\/v2\/types\/product"}],"wp:featuredmedia":[{"embeddable":true,"href":"https:\/\/www.hapy-com.fr\/echoppe\/wp-json\/wp\/v2\/media\/17471"}],"wp:attachment":[{"href":"https:\/\/www.hapy-com.fr\/echoppe\/wp-json\/wp\/v2\/media?parent=17472"}],"wp:term":[{"taxonomy":"product_cat","embeddable":true,"href":"https:\/\/www.hapy-com.fr\/echoppe\/wp-json\/wp\/v2\/product_cat?post=17472"},{"taxonomy":"product_tag","embeddable":true,"href":"https:\/\/www.hapy-com.fr\/echoppe\/wp-json\/wp\/v2\/product_tag?post=17472"}],"curies":[{"name":"wp","href":"https:\/\/api.w.org\/{rel}","templated":true}]}}