{"id":17501,"date":"2022-06-24T12:52:40","date_gmt":"2022-06-24T10:52:40","guid":{"rendered":"http:\/\/www.hapy-com.fr\/echoppe\/product\/boite-bijoux-didy-3\/"},"modified":"2022-06-24T12:52:40","modified_gmt":"2022-06-24T10:52:40","slug":"boite-bijoux-didy-3","status":"publish","type":"product","link":"https:\/\/www.hapy-com.fr\/echoppe\/product\/boite-bijoux-didy-3\/","title":{"rendered":"Bo\u00eete Bijoux Didy"},"content":{"rendered":"<p>Etui \u00e0 bijoux en polyester souple de couleurs sobres. Pliable, il comprend un porte-bague et deux poches zipp\u00e9es assorties. Fermeture avec rubans et accessoires de couleur argent.<\/p>\n","protected":false},"excerpt":{"rendered":"<p>Etui \u00e0 bijoux en polyester souple de couleurs sobres. Pliable, il comprend un porte-bague et deux poches zipp\u00e9es assorties. Fermeture avec rubans et accessoires de couleur argent.<\/p>\n","protected":false},"featured_media":17500,"template":"","meta":[],"product_cat":[358],"product_tag":[],"class_list":{"0":"post-17501","1":"product","2":"type-product","3":"status-publish","4":"has-post-thumbnail","6":"product_cat-femmes","8":"first","9":"instock","10":"shipping-taxable","11":"purchasable","12":"product-type-simple"},"_links":{"self":[{"href":"https:\/\/www.hapy-com.fr\/echoppe\/wp-json\/wp\/v2\/product\/17501","targetHints":{"allow":["GET"]}}],"collection":[{"href":"https:\/\/www.hapy-com.fr\/echoppe\/wp-json\/wp\/v2\/product"}],"about":[{"href":"https:\/\/www.hapy-com.fr\/echoppe\/wp-json\/wp\/v2\/types\/product"}],"wp:featuredmedia":[{"embeddable":true,"href":"https:\/\/www.hapy-com.fr\/echoppe\/wp-json\/wp\/v2\/media\/17500"}],"wp:attachment":[{"href":"https:\/\/www.hapy-com.fr\/echoppe\/wp-json\/wp\/v2\/media?parent=17501"}],"wp:term":[{"taxonomy":"product_cat","embeddable":true,"href":"https:\/\/www.hapy-com.fr\/echoppe\/wp-json\/wp\/v2\/product_cat?post=17501"},{"taxonomy":"product_tag","embeddable":true,"href":"https:\/\/www.hapy-com.fr\/echoppe\/wp-json\/wp\/v2\/product_tag?post=17501"}],"curies":[{"name":"wp","href":"https:\/\/api.w.org\/{rel}","templated":true}]}}