{"id":17529,"date":"2022-06-24T12:52:59","date_gmt":"2022-06-24T10:52:59","guid":{"rendered":"http:\/\/www.hapy-com.fr\/echoppe\/product\/porte-sac-pliable-skype-4\/"},"modified":"2022-07-05T21:43:59","modified_gmt":"2022-07-05T19:43:59","slug":"porte-sac-pliable-skype-4","status":"publish","type":"product","link":"https:\/\/www.hapy-com.fr\/echoppe\/product\/porte-sac-pliable-skype-4\/","title":{"rendered":"Porte-Sac Pliable Skype"},"content":{"rendered":"<p>Porte sac pliable en m\u00e9tal avec pastille en similicuir de couleur vive. Pr\u00e9sent\u00e9 en \u00e9tui individuel avec int\u00e9rieur mousse.<\/p>\n","protected":false},"excerpt":{"rendered":"<p>Porte sac pliable en m\u00e9tal avec pastille en similicuir de couleur vive. Pr\u00e9sent\u00e9 en \u00e9tui individuel avec int\u00e9rieur mousse.<\/p>\n","protected":false},"featured_media":17528,"template":"","meta":[],"product_cat":[358,457],"product_tag":[],"class_list":{"0":"post-17529","1":"product","2":"type-product","3":"status-publish","4":"has-post-thumbnail","6":"product_cat-femmes","7":"product_cat-sac","9":"first","10":"instock","11":"shipping-taxable","12":"purchasable","13":"product-type-simple"},"_links":{"self":[{"href":"https:\/\/www.hapy-com.fr\/echoppe\/wp-json\/wp\/v2\/product\/17529","targetHints":{"allow":["GET"]}}],"collection":[{"href":"https:\/\/www.hapy-com.fr\/echoppe\/wp-json\/wp\/v2\/product"}],"about":[{"href":"https:\/\/www.hapy-com.fr\/echoppe\/wp-json\/wp\/v2\/types\/product"}],"wp:featuredmedia":[{"embeddable":true,"href":"https:\/\/www.hapy-com.fr\/echoppe\/wp-json\/wp\/v2\/media\/17528"}],"wp:attachment":[{"href":"https:\/\/www.hapy-com.fr\/echoppe\/wp-json\/wp\/v2\/media?parent=17529"}],"wp:term":[{"taxonomy":"product_cat","embeddable":true,"href":"https:\/\/www.hapy-com.fr\/echoppe\/wp-json\/wp\/v2\/product_cat?post=17529"},{"taxonomy":"product_tag","embeddable":true,"href":"https:\/\/www.hapy-com.fr\/echoppe\/wp-json\/wp\/v2\/product_tag?post=17529"}],"curies":[{"name":"wp","href":"https:\/\/api.w.org\/{rel}","templated":true}]}}