{"id":17600,"date":"2022-06-24T12:53:51","date_gmt":"2022-06-24T10:53:51","guid":{"rendered":"http:\/\/www.hapy-com.fr\/echoppe\/product\/parapluie-ziant-8\/"},"modified":"2022-07-05T21:38:24","modified_gmt":"2022-07-05T19:38:24","slug":"parapluie-ziant-8","status":"publish","type":"product","link":"https:\/\/www.hapy-com.fr\/echoppe\/product\/parapluie-ziant-8\/","title":{"rendered":"Parapluie Ziant"},"content":{"rendered":"<p>Parapluie pliable de 8 panneaux de polyester 170T dans une large gamme de couleurs vives et de 96cm de diam\u00e8tre. Ouverture manuelle, avec des tiges en m\u00e9tal de couleur argent\u00e9e, fermeture velcro et sangle de transport dans la poign\u00e9e ergonomique. Pr\u00e9sent\u00e9 en couverture individuelle correspondante.<\/p>\n","protected":false},"excerpt":{"rendered":"<p>Parapluie pliable de 8 panneaux de polyester 170T dans une large gamme de couleurs vives et de 96cm de diam\u00e8tre. Ouverture manuelle, avec des tiges en m\u00e9tal de couleur argent\u00e9e,&#8230;<\/p>\n","protected":false},"featured_media":17599,"template":"","meta":[],"product_cat":[453,334],"product_tag":[],"class_list":{"0":"post-17600","1":"product","2":"type-product","3":"status-publish","4":"has-post-thumbnail","6":"product_cat-parapluie","7":"product_cat-textile","9":"first","10":"instock","11":"shipping-taxable","12":"purchasable","13":"product-type-simple"},"_links":{"self":[{"href":"https:\/\/www.hapy-com.fr\/echoppe\/wp-json\/wp\/v2\/product\/17600","targetHints":{"allow":["GET"]}}],"collection":[{"href":"https:\/\/www.hapy-com.fr\/echoppe\/wp-json\/wp\/v2\/product"}],"about":[{"href":"https:\/\/www.hapy-com.fr\/echoppe\/wp-json\/wp\/v2\/types\/product"}],"wp:featuredmedia":[{"embeddable":true,"href":"https:\/\/www.hapy-com.fr\/echoppe\/wp-json\/wp\/v2\/media\/17599"}],"wp:attachment":[{"href":"https:\/\/www.hapy-com.fr\/echoppe\/wp-json\/wp\/v2\/media?parent=17600"}],"wp:term":[{"taxonomy":"product_cat","embeddable":true,"href":"https:\/\/www.hapy-com.fr\/echoppe\/wp-json\/wp\/v2\/product_cat?post=17600"},{"taxonomy":"product_tag","embeddable":true,"href":"https:\/\/www.hapy-com.fr\/echoppe\/wp-json\/wp\/v2\/product_tag?post=17600"}],"curies":[{"name":"wp","href":"https:\/\/api.w.org\/{rel}","templated":true}]}}