{"id":17703,"date":"2022-06-24T12:55:06","date_gmt":"2022-06-24T10:55:06","guid":{"rendered":"http:\/\/www.hapy-com.fr\/echoppe\/product\/serviette-absorbante-bayalax-3\/"},"modified":"2022-06-24T12:55:06","modified_gmt":"2022-06-24T10:55:06","slug":"serviette-absorbante-bayalax-3","status":"publish","type":"product","link":"https:\/\/www.hapy-com.fr\/echoppe\/product\/serviette-absorbante-bayalax-3\/","title":{"rendered":"Serviette Absorbante Bayalax"},"content":{"rendered":"<p>Serviette en microfibre ultra absorbante. Taille XXL : 90&#215;170 cm et grammage de 310g\/m2. Disponible dans plusieurs coloris, avec couleur blanche sp\u00e9cialement con\u00e7ue pour la sublimation. *Pour les commandes avec impression, le co\u00fbt du marquage doit \u00eatre major\u00e9 de + 0,20 \/ unit\u00e9 pour traitement sp\u00e9cial.*<\/p>\n","protected":false},"excerpt":{"rendered":"<p>Serviette en microfibre ultra absorbante. Taille XXL : 90&#215;170 cm et grammage de 310g\/m2. Disponible dans plusieurs coloris, avec couleur blanche sp\u00e9cialement con\u00e7ue pour la sublimation. *Pour les commandes avec&#8230;<\/p>\n","protected":false},"featured_media":17702,"template":"","meta":[],"product_cat":[334],"product_tag":[],"class_list":{"0":"post-17703","1":"product","2":"type-product","3":"status-publish","4":"has-post-thumbnail","6":"product_cat-textile","8":"first","9":"instock","10":"shipping-taxable","11":"purchasable","12":"product-type-simple"},"_links":{"self":[{"href":"https:\/\/www.hapy-com.fr\/echoppe\/wp-json\/wp\/v2\/product\/17703","targetHints":{"allow":["GET"]}}],"collection":[{"href":"https:\/\/www.hapy-com.fr\/echoppe\/wp-json\/wp\/v2\/product"}],"about":[{"href":"https:\/\/www.hapy-com.fr\/echoppe\/wp-json\/wp\/v2\/types\/product"}],"wp:featuredmedia":[{"embeddable":true,"href":"https:\/\/www.hapy-com.fr\/echoppe\/wp-json\/wp\/v2\/media\/17702"}],"wp:attachment":[{"href":"https:\/\/www.hapy-com.fr\/echoppe\/wp-json\/wp\/v2\/media?parent=17703"}],"wp:term":[{"taxonomy":"product_cat","embeddable":true,"href":"https:\/\/www.hapy-com.fr\/echoppe\/wp-json\/wp\/v2\/product_cat?post=17703"},{"taxonomy":"product_tag","embeddable":true,"href":"https:\/\/www.hapy-com.fr\/echoppe\/wp-json\/wp\/v2\/product_tag?post=17703"}],"curies":[{"name":"wp","href":"https:\/\/api.w.org\/{rel}","templated":true}]}}