{"id":17741,"date":"2022-06-24T12:55:41","date_gmt":"2022-06-24T10:55:41","guid":{"rendered":"http:\/\/www.hapy-com.fr\/echoppe\/product\/parapluie-panan-xl-8\/"},"modified":"2022-07-05T21:38:23","modified_gmt":"2022-07-05T19:38:23","slug":"parapluie-panan-xl-8","status":"publish","type":"product","link":"https:\/\/www.hapy-com.fr\/echoppe\/product\/parapluie-panan-xl-8\/","title":{"rendered":"Parapluie Panan Xl"},"content":{"rendered":"<p>Parapluie 8 pans en taille XL (130cm de diam\u00e8tre) avec syst\u00e8me WINDPROOF. Ouverture automatique. Parapluie en polyester avec poign\u00e9e EVA rembourr\u00e9e et fermeture velcro. Disponible dans une large choix de couleurs.<\/p>\n","protected":false},"excerpt":{"rendered":"<p>Parapluie 8 pans en taille XL (130cm de diam\u00e8tre) avec syst\u00e8me WINDPROOF. Ouverture automatique. Parapluie en polyester avec poign\u00e9e EVA rembourr\u00e9e et fermeture velcro. Disponible dans une large choix de&#8230;<\/p>\n","protected":false},"featured_media":17740,"template":"","meta":[],"product_cat":[453,334],"product_tag":[],"class_list":{"0":"post-17741","1":"product","2":"type-product","3":"status-publish","4":"has-post-thumbnail","6":"product_cat-parapluie","7":"product_cat-textile","9":"first","10":"instock","11":"shipping-taxable","12":"purchasable","13":"product-type-simple"},"_links":{"self":[{"href":"https:\/\/www.hapy-com.fr\/echoppe\/wp-json\/wp\/v2\/product\/17741","targetHints":{"allow":["GET"]}}],"collection":[{"href":"https:\/\/www.hapy-com.fr\/echoppe\/wp-json\/wp\/v2\/product"}],"about":[{"href":"https:\/\/www.hapy-com.fr\/echoppe\/wp-json\/wp\/v2\/types\/product"}],"wp:featuredmedia":[{"embeddable":true,"href":"https:\/\/www.hapy-com.fr\/echoppe\/wp-json\/wp\/v2\/media\/17740"}],"wp:attachment":[{"href":"https:\/\/www.hapy-com.fr\/echoppe\/wp-json\/wp\/v2\/media?parent=17741"}],"wp:term":[{"taxonomy":"product_cat","embeddable":true,"href":"https:\/\/www.hapy-com.fr\/echoppe\/wp-json\/wp\/v2\/product_cat?post=17741"},{"taxonomy":"product_tag","embeddable":true,"href":"https:\/\/www.hapy-com.fr\/echoppe\/wp-json\/wp\/v2\/product_tag?post=17741"}],"curies":[{"name":"wp","href":"https:\/\/api.w.org\/{rel}","templated":true}]}}