{"id":17846,"date":"2022-06-24T12:56:56","date_gmt":"2022-06-24T10:56:56","guid":{"rendered":"http:\/\/www.hapy-com.fr\/echoppe\/product\/t-shirt-adulte-tecnic-markus-20\/"},"modified":"2022-07-05T21:51:56","modified_gmt":"2022-07-05T19:51:56","slug":"t-shirt-adulte-tecnic-markus-20","status":"publish","type":"product","link":"https:\/\/www.hapy-com.fr\/echoppe\/product\/t-shirt-adulte-tecnic-markus-20\/","title":{"rendered":"T-Shirt Adulte Tecnic Markus"},"content":{"rendered":"<p>T-shirt technique pour adulte en mat\u00e9riau RPET respirant 135g\/m2, obtenu \u00e0 partir de mati\u00e8res plastiques recycl\u00e9es. Disponible dans une large gamme de couleurs et dans les tailles S, M, L, XL, XXL. Couleur blanche sp\u00e9cialement fabriqu\u00e9e pour l\u00b4impression par sublimation.<\/p>\n","protected":false},"excerpt":{"rendered":"<p>T-shirt technique pour adulte en mat\u00e9riau RPET respirant 135g\/m2, obtenu \u00e0 partir de mati\u00e8res plastiques recycl\u00e9es. Disponible dans une large gamme de couleurs et dans les tailles S, M, L,&#8230;<\/p>\n","protected":false},"featured_media":17844,"template":"","meta":[],"product_cat":[460,334],"product_tag":[],"class_list":{"0":"post-17846","1":"product","2":"type-product","3":"status-publish","4":"has-post-thumbnail","6":"product_cat-t-shirt","7":"product_cat-textile","9":"first","10":"instock","11":"shipping-taxable","12":"purchasable","13":"product-type-simple"},"_links":{"self":[{"href":"https:\/\/www.hapy-com.fr\/echoppe\/wp-json\/wp\/v2\/product\/17846","targetHints":{"allow":["GET"]}}],"collection":[{"href":"https:\/\/www.hapy-com.fr\/echoppe\/wp-json\/wp\/v2\/product"}],"about":[{"href":"https:\/\/www.hapy-com.fr\/echoppe\/wp-json\/wp\/v2\/types\/product"}],"wp:featuredmedia":[{"embeddable":true,"href":"https:\/\/www.hapy-com.fr\/echoppe\/wp-json\/wp\/v2\/media\/17844"}],"wp:attachment":[{"href":"https:\/\/www.hapy-com.fr\/echoppe\/wp-json\/wp\/v2\/media?parent=17846"}],"wp:term":[{"taxonomy":"product_cat","embeddable":true,"href":"https:\/\/www.hapy-com.fr\/echoppe\/wp-json\/wp\/v2\/product_cat?post=17846"},{"taxonomy":"product_tag","embeddable":true,"href":"https:\/\/www.hapy-com.fr\/echoppe\/wp-json\/wp\/v2\/product_tag?post=17846"}],"curies":[{"name":"wp","href":"https:\/\/api.w.org\/{rel}","templated":true}]}}