{"id":18576,"date":"2022-06-24T13:02:04","date_gmt":"2022-06-24T11:02:04","guid":{"rendered":"http:\/\/www.hapy-com.fr\/echoppe\/product\/veste-molter-18\/"},"modified":"2022-07-05T21:37:04","modified_gmt":"2022-07-05T19:37:04","slug":"veste-molter-18","status":"publish","type":"product","link":"https:\/\/www.hapy-com.fr\/echoppe\/product\/veste-molter-18\/","title":{"rendered":"Veste Molter"},"content":{"rendered":"<p>Veste imperm\u00e9able et respirante en combinaison de mati\u00e8re soft shell et \u00e9lasthanne 300g\/m2. Dans une large gamme de couleurs vives, avec fermeture \u00e0 glissi\u00e8re et poches avant et lat\u00e9rales \u00e0 glissi\u00e8re. Disponible en tailles S, M, L, XL, XXL.<\/p>\n","protected":false},"excerpt":{"rendered":"<p>Veste imperm\u00e9able et respirante en combinaison de mati\u00e8re soft shell et \u00e9lasthanne 300g\/m2. Dans une large gamme de couleurs vives, avec fermeture \u00e0 glissi\u00e8re et poches avant et lat\u00e9rales \u00e0&#8230;<\/p>\n","protected":false},"featured_media":18573,"template":"","meta":[],"product_cat":[450,334],"product_tag":[],"class_list":{"0":"post-18576","1":"product","2":"type-product","3":"status-publish","4":"has-post-thumbnail","6":"product_cat-gilet","7":"product_cat-textile","9":"first","10":"instock","11":"shipping-taxable","12":"purchasable","13":"product-type-simple"},"_links":{"self":[{"href":"https:\/\/www.hapy-com.fr\/echoppe\/wp-json\/wp\/v2\/product\/18576","targetHints":{"allow":["GET"]}}],"collection":[{"href":"https:\/\/www.hapy-com.fr\/echoppe\/wp-json\/wp\/v2\/product"}],"about":[{"href":"https:\/\/www.hapy-com.fr\/echoppe\/wp-json\/wp\/v2\/types\/product"}],"wp:featuredmedia":[{"embeddable":true,"href":"https:\/\/www.hapy-com.fr\/echoppe\/wp-json\/wp\/v2\/media\/18573"}],"wp:attachment":[{"href":"https:\/\/www.hapy-com.fr\/echoppe\/wp-json\/wp\/v2\/media?parent=18576"}],"wp:term":[{"taxonomy":"product_cat","embeddable":true,"href":"https:\/\/www.hapy-com.fr\/echoppe\/wp-json\/wp\/v2\/product_cat?post=18576"},{"taxonomy":"product_tag","embeddable":true,"href":"https:\/\/www.hapy-com.fr\/echoppe\/wp-json\/wp\/v2\/product_tag?post=18576"}],"curies":[{"name":"wp","href":"https:\/\/api.w.org\/{rel}","templated":true}]}}