{"id":19643,"date":"2022-06-24T13:10:30","date_gmt":"2022-06-24T11:10:30","guid":{"rendered":"http:\/\/www.hapy-com.fr\/echoppe\/product\/veste-luzat-6\/"},"modified":"2022-07-05T21:36:06","modified_gmt":"2022-07-05T19:36:06","slug":"veste-luzat-6","status":"publish","type":"product","link":"https:\/\/www.hapy-com.fr\/echoppe\/product\/veste-luzat-6\/","title":{"rendered":"Veste Luzat"},"content":{"rendered":"<p>Veste coup\u00e9-vent imperm\u00e9able en polyester avec une finition brillante et des couleurs vives. Avec capuche, fermeture \u00e0 glissi\u00e8re et poches avant zipp\u00e9es. Disponible dans les tailles M, L, XL, XXL.<\/p>\n","protected":false},"excerpt":{"rendered":"<p>Veste coup\u00e9-vent imperm\u00e9able en polyester avec une finition brillante et des couleurs vives. Avec capuche, fermeture \u00e0 glissi\u00e8re et poches avant zipp\u00e9es. Disponible dans les tailles M, L, XL, XXL.<\/p>\n","protected":false},"featured_media":19642,"template":"","meta":[],"product_cat":[450,334],"product_tag":[],"class_list":{"0":"post-19643","1":"product","2":"type-product","3":"status-publish","4":"has-post-thumbnail","6":"product_cat-gilet","7":"product_cat-textile","9":"first","10":"instock","11":"shipping-taxable","12":"purchasable","13":"product-type-simple"},"_links":{"self":[{"href":"https:\/\/www.hapy-com.fr\/echoppe\/wp-json\/wp\/v2\/product\/19643","targetHints":{"allow":["GET"]}}],"collection":[{"href":"https:\/\/www.hapy-com.fr\/echoppe\/wp-json\/wp\/v2\/product"}],"about":[{"href":"https:\/\/www.hapy-com.fr\/echoppe\/wp-json\/wp\/v2\/types\/product"}],"wp:featuredmedia":[{"embeddable":true,"href":"https:\/\/www.hapy-com.fr\/echoppe\/wp-json\/wp\/v2\/media\/19642"}],"wp:attachment":[{"href":"https:\/\/www.hapy-com.fr\/echoppe\/wp-json\/wp\/v2\/media?parent=19643"}],"wp:term":[{"taxonomy":"product_cat","embeddable":true,"href":"https:\/\/www.hapy-com.fr\/echoppe\/wp-json\/wp\/v2\/product_cat?post=19643"},{"taxonomy":"product_tag","embeddable":true,"href":"https:\/\/www.hapy-com.fr\/echoppe\/wp-json\/wp\/v2\/product_tag?post=19643"}],"curies":[{"name":"wp","href":"https:\/\/api.w.org\/{rel}","templated":true}]}}