{"id":20857,"date":"2022-06-24T13:19:41","date_gmt":"2022-06-24T11:19:41","guid":{"rendered":"http:\/\/www.hapy-com.fr\/echoppe\/product\/veste-kimpal\/"},"modified":"2022-06-24T13:19:41","modified_gmt":"2022-06-24T11:19:41","slug":"veste-kimpal","status":"publish","type":"product","link":"https:\/\/www.hapy-com.fr\/echoppe\/product\/veste-kimpal\/","title":{"rendered":"Veste Kimpal"},"content":{"rendered":"<p>Veste unisexe respirante en combinaison de mat\u00e9riaux \u00e0 coque molle et polyester, avec tissu tactile plume rembourr\u00e9e sur le devant et le dos. Capuche et manche de style rangl\u00e1n avec \u00e9lastique au col, poignets et ourlet. Fabrication \u00e9l\u00e9gante en combinaison de couleurs noires et grises, r\u00e9sistantes au vent et \u00e0 l\u2019eau. Fermeture \u00e0 glissi\u00e8re et poches lat\u00e9rales \u00e0 fermeture \u00e9clair avec poign\u00e9es pour une ouverture facile. Disponible en tailles S, M, L, XL, XXL.<\/p>\n","protected":false},"excerpt":{"rendered":"<p>Veste unisexe respirante en combinaison de mat\u00e9riaux \u00e0 coque molle et polyester, avec tissu tactile plume rembourr\u00e9e sur le devant et le dos. Capuche et manche de style rangl\u00e1n avec&#8230;<\/p>\n","protected":false},"featured_media":20855,"template":"","meta":[],"product_cat":[334],"product_tag":[],"class_list":{"0":"post-20857","1":"product","2":"type-product","3":"status-publish","4":"has-post-thumbnail","6":"product_cat-textile","8":"first","9":"instock","10":"shipping-taxable","11":"purchasable","12":"product-type-simple"},"_links":{"self":[{"href":"https:\/\/www.hapy-com.fr\/echoppe\/wp-json\/wp\/v2\/product\/20857","targetHints":{"allow":["GET"]}}],"collection":[{"href":"https:\/\/www.hapy-com.fr\/echoppe\/wp-json\/wp\/v2\/product"}],"about":[{"href":"https:\/\/www.hapy-com.fr\/echoppe\/wp-json\/wp\/v2\/types\/product"}],"wp:featuredmedia":[{"embeddable":true,"href":"https:\/\/www.hapy-com.fr\/echoppe\/wp-json\/wp\/v2\/media\/20855"}],"wp:attachment":[{"href":"https:\/\/www.hapy-com.fr\/echoppe\/wp-json\/wp\/v2\/media?parent=20857"}],"wp:term":[{"taxonomy":"product_cat","embeddable":true,"href":"https:\/\/www.hapy-com.fr\/echoppe\/wp-json\/wp\/v2\/product_cat?post=20857"},{"taxonomy":"product_tag","embeddable":true,"href":"https:\/\/www.hapy-com.fr\/echoppe\/wp-json\/wp\/v2\/product_tag?post=20857"}],"curies":[{"name":"wp","href":"https:\/\/api.w.org\/{rel}","templated":true}]}}