{"id":21758,"date":"2022-06-24T13:37:32","date_gmt":"2022-06-24T11:37:32","guid":{"rendered":"http:\/\/www.hapy-com.fr\/echoppe\/product\/chaise-bonsix-4\/"},"modified":"2022-07-05T23:43:01","modified_gmt":"2022-07-05T21:43:01","slug":"chaise-bonsix-4","status":"publish","type":"product","link":"https:\/\/www.hapy-com.fr\/echoppe\/product\/chaise-bonsix-4\/","title":{"rendered":"Chaise Bonsix"},"content":{"rendered":"<p>Chaise pliante avec corps robuste en m\u00e9tal tubulaire. Polyester 600D r\u00e9sistant disponible dans une vari\u00e9t\u00e9 de couleurs vives. Avec coutures renforc\u00e9es, accoudoir et poche en filet int\u00e9gr\u00e9e pour les boissons. Renforts en caoutchouc antid\u00e9rapants aux pieds. Pr\u00e9sent\u00e9e dans une housse individuelle avec cordon autobloquant, accessoire de r\u00e9glage et bandouli\u00e8re.<\/p>\n","protected":false},"excerpt":{"rendered":"<p>Chaise pliante avec corps robuste en m\u00e9tal tubulaire. Polyester 600D r\u00e9sistant disponible dans une vari\u00e9t\u00e9 de couleurs vives. Avec coutures renforc\u00e9es, accoudoir et poche en filet int\u00e9gr\u00e9e pour les boissons&#8230;.<\/p>\n","protected":false},"featured_media":21757,"template":"","meta":[],"product_cat":[484,360,464],"product_tag":[],"class_list":{"0":"post-21758","1":"product","2":"type-product","3":"status-publish","4":"has-post-thumbnail","6":"product_cat-chaises","7":"product_cat-ete-et-plage","8":"product_cat-mobilier-de-plage","10":"first","11":"instock","12":"shipping-taxable","13":"purchasable","14":"product-type-simple"},"_links":{"self":[{"href":"https:\/\/www.hapy-com.fr\/echoppe\/wp-json\/wp\/v2\/product\/21758","targetHints":{"allow":["GET"]}}],"collection":[{"href":"https:\/\/www.hapy-com.fr\/echoppe\/wp-json\/wp\/v2\/product"}],"about":[{"href":"https:\/\/www.hapy-com.fr\/echoppe\/wp-json\/wp\/v2\/types\/product"}],"wp:featuredmedia":[{"embeddable":true,"href":"https:\/\/www.hapy-com.fr\/echoppe\/wp-json\/wp\/v2\/media\/21757"}],"wp:attachment":[{"href":"https:\/\/www.hapy-com.fr\/echoppe\/wp-json\/wp\/v2\/media?parent=21758"}],"wp:term":[{"taxonomy":"product_cat","embeddable":true,"href":"https:\/\/www.hapy-com.fr\/echoppe\/wp-json\/wp\/v2\/product_cat?post=21758"},{"taxonomy":"product_tag","embeddable":true,"href":"https:\/\/www.hapy-com.fr\/echoppe\/wp-json\/wp\/v2\/product_tag?post=21758"}],"curies":[{"name":"wp","href":"https:\/\/api.w.org\/{rel}","templated":true}]}}