{"id":22171,"date":"2022-06-24T13:43:38","date_gmt":"2022-06-24T11:43:38","guid":{"rendered":"http:\/\/www.hapy-com.fr\/echoppe\/product\/tongues-caiman-7\/"},"modified":"2022-07-05T23:36:07","modified_gmt":"2022-07-05T21:36:07","slug":"tongues-caiman-7","status":"publish","type":"product","link":"https:\/\/www.hapy-com.fr\/echoppe\/product\/tongues-caiman-7\/","title":{"rendered":"Tongues Caim\u00e1n"},"content":{"rendered":"<p>Paire de tongs \u00e0 semelles \u00e9paisses et bicolores en EVA r\u00e9sistant. Lani\u00e8res en nylon assorties. Plusieurs coloris. Disponibles en tailles 36-38 et 42-44.<\/p>\n","protected":false},"excerpt":{"rendered":"<p>Paire de tongs \u00e0 semelles \u00e9paisses et bicolores en EVA r\u00e9sistant. Lani\u00e8res en nylon assorties. Plusieurs coloris. Disponibles en tailles 36-38 et 42-44.<\/p>\n","protected":false},"featured_media":22170,"template":"","meta":[],"product_cat":[463,360],"product_tag":[],"class_list":{"0":"post-22171","1":"product","2":"type-product","3":"status-publish","4":"has-post-thumbnail","6":"product_cat-chaussures-et-tongues","7":"product_cat-ete-et-plage","9":"first","10":"instock","11":"shipping-taxable","12":"purchasable","13":"product-type-simple"},"_links":{"self":[{"href":"https:\/\/www.hapy-com.fr\/echoppe\/wp-json\/wp\/v2\/product\/22171","targetHints":{"allow":["GET"]}}],"collection":[{"href":"https:\/\/www.hapy-com.fr\/echoppe\/wp-json\/wp\/v2\/product"}],"about":[{"href":"https:\/\/www.hapy-com.fr\/echoppe\/wp-json\/wp\/v2\/types\/product"}],"wp:featuredmedia":[{"embeddable":true,"href":"https:\/\/www.hapy-com.fr\/echoppe\/wp-json\/wp\/v2\/media\/22170"}],"wp:attachment":[{"href":"https:\/\/www.hapy-com.fr\/echoppe\/wp-json\/wp\/v2\/media?parent=22171"}],"wp:term":[{"taxonomy":"product_cat","embeddable":true,"href":"https:\/\/www.hapy-com.fr\/echoppe\/wp-json\/wp\/v2\/product_cat?post=22171"},{"taxonomy":"product_tag","embeddable":true,"href":"https:\/\/www.hapy-com.fr\/echoppe\/wp-json\/wp\/v2\/product_tag?post=22171"}],"curies":[{"name":"wp","href":"https:\/\/api.w.org\/{rel}","templated":true}]}}