{"id":22304,"date":"2022-06-24T13:45:33","date_gmt":"2022-06-24T11:45:33","guid":{"rendered":"http:\/\/www.hapy-com.fr\/echoppe\/product\/sac-a-dos-kiddy-3\/"},"modified":"2022-06-24T13:45:33","modified_gmt":"2022-06-24T11:45:33","slug":"sac-a-dos-kiddy-3","status":"publish","type":"product","link":"https:\/\/www.hapy-com.fr\/echoppe\/product\/sac-a-dos-kiddy-3\/","title":{"rendered":"Sac \u00e0 Dos Kiddy"},"content":{"rendered":"<p>Sac \u00e0 dos pour enfants en polyester r\u00e9sistant 600D , avec liser\u00e9 de renfort assorti. Design et gamme de couleurs gais. Fermeture zipp\u00e9e assortie, poche frontale et coins renforc\u00e9s. Bretelles r\u00e9glables assorties.<\/p>\n","protected":false},"excerpt":{"rendered":"<p>Sac \u00e0 dos pour enfants en polyester r\u00e9sistant 600D , avec liser\u00e9 de renfort assorti. Design et gamme de couleurs gais. Fermeture zipp\u00e9e assortie, poche frontale et coins renforc\u00e9s. Bretelles&#8230;<\/p>\n","protected":false},"featured_media":22303,"template":"","meta":[],"product_cat":[338],"product_tag":[],"class_list":{"0":"post-22304","1":"product","2":"type-product","3":"status-publish","4":"has-post-thumbnail","6":"product_cat-voyage-bagagerie","8":"first","9":"instock","10":"shipping-taxable","11":"purchasable","12":"product-type-simple"},"_links":{"self":[{"href":"https:\/\/www.hapy-com.fr\/echoppe\/wp-json\/wp\/v2\/product\/22304","targetHints":{"allow":["GET"]}}],"collection":[{"href":"https:\/\/www.hapy-com.fr\/echoppe\/wp-json\/wp\/v2\/product"}],"about":[{"href":"https:\/\/www.hapy-com.fr\/echoppe\/wp-json\/wp\/v2\/types\/product"}],"wp:featuredmedia":[{"embeddable":true,"href":"https:\/\/www.hapy-com.fr\/echoppe\/wp-json\/wp\/v2\/media\/22303"}],"wp:attachment":[{"href":"https:\/\/www.hapy-com.fr\/echoppe\/wp-json\/wp\/v2\/media?parent=22304"}],"wp:term":[{"taxonomy":"product_cat","embeddable":true,"href":"https:\/\/www.hapy-com.fr\/echoppe\/wp-json\/wp\/v2\/product_cat?post=22304"},{"taxonomy":"product_tag","embeddable":true,"href":"https:\/\/www.hapy-com.fr\/echoppe\/wp-json\/wp\/v2\/product_tag?post=22304"}],"curies":[{"name":"wp","href":"https:\/\/api.w.org\/{rel}","templated":true}]}}