{"id":22362,"date":"2022-06-24T13:46:30","date_gmt":"2022-06-24T11:46:30","guid":{"rendered":"http:\/\/www.hapy-com.fr\/echoppe\/product\/sac-drako\/"},"modified":"2022-06-24T13:46:30","modified_gmt":"2022-06-24T11:46:30","slug":"sac-drako","status":"publish","type":"product","link":"https:\/\/www.hapy-com.fr\/echoppe\/product\/sac-drako\/","title":{"rendered":"Sac Drako"},"content":{"rendered":"<p>Sac multi-usages en polyester 600 D r\u00e9sistant au design color\u00e9. Compartiment principal avec fermeture zipp\u00e9e avec double curseur et lani\u00e8re sur le curseur pour une ouverture facile. Poche ext\u00e9rieure zipp\u00e9e avec ruban sur le curseur. Poign\u00e9es en nylon r\u00e9sistant autour du corps noir, renforc\u00e9es par une fermeture velcro assortie. Poign\u00e9e de transport en nylon sur le c\u00f4t\u00e9 et bandouli\u00e8re r\u00e9glable avec double fermeture \u00e0 mousqueton.<\/p>\n","protected":false},"excerpt":{"rendered":"<p>Sac multi-usages en polyester 600 D r\u00e9sistant au design color\u00e9. Compartiment principal avec fermeture zipp\u00e9e avec double curseur et lani\u00e8re sur le curseur pour une ouverture facile. Poche ext\u00e9rieure zipp\u00e9e&#8230;<\/p>\n","protected":false},"featured_media":22361,"template":"","meta":[],"product_cat":[338],"product_tag":[],"class_list":{"0":"post-22362","1":"product","2":"type-product","3":"status-publish","4":"has-post-thumbnail","6":"product_cat-voyage-bagagerie","8":"first","9":"instock","10":"shipping-taxable","11":"purchasable","12":"product-type-simple"},"_links":{"self":[{"href":"https:\/\/www.hapy-com.fr\/echoppe\/wp-json\/wp\/v2\/product\/22362","targetHints":{"allow":["GET"]}}],"collection":[{"href":"https:\/\/www.hapy-com.fr\/echoppe\/wp-json\/wp\/v2\/product"}],"about":[{"href":"https:\/\/www.hapy-com.fr\/echoppe\/wp-json\/wp\/v2\/types\/product"}],"wp:featuredmedia":[{"embeddable":true,"href":"https:\/\/www.hapy-com.fr\/echoppe\/wp-json\/wp\/v2\/media\/22361"}],"wp:attachment":[{"href":"https:\/\/www.hapy-com.fr\/echoppe\/wp-json\/wp\/v2\/media?parent=22362"}],"wp:term":[{"taxonomy":"product_cat","embeddable":true,"href":"https:\/\/www.hapy-com.fr\/echoppe\/wp-json\/wp\/v2\/product_cat?post=22362"},{"taxonomy":"product_tag","embeddable":true,"href":"https:\/\/www.hapy-com.fr\/echoppe\/wp-json\/wp\/v2\/product_tag?post=22362"}],"curies":[{"name":"wp","href":"https:\/\/api.w.org\/{rel}","templated":true}]}}