{"id":22454,"date":"2022-06-24T13:47:54","date_gmt":"2022-06-24T11:47:54","guid":{"rendered":"http:\/\/www.hapy-com.fr\/echoppe\/product\/banane-inxul-4\/"},"modified":"2022-06-24T13:47:54","modified_gmt":"2022-06-24T11:47:54","slug":"banane-inxul-4","status":"publish","type":"product","link":"https:\/\/www.hapy-com.fr\/echoppe\/product\/banane-inxul-4\/","title":{"rendered":"Banane Inxul"},"content":{"rendered":"<p>Sac banane en polyester r\u00e9sistant 600D propos\u00e9 en coloris vari\u00e9s. Avec deux poches zipp\u00e9es assorties, passe-fil pour \u00e9couteurs et ceinture avec fermeture par clip r\u00e9glable. Con\u00e7u pour les activit\u00e9s sportives et de loisirs. Avec doublure int\u00e9rieure assortie.<\/p>\n","protected":false},"excerpt":{"rendered":"<p>Sac banane en polyester r\u00e9sistant 600D propos\u00e9 en coloris vari\u00e9s. Avec deux poches zipp\u00e9es assorties, passe-fil pour \u00e9couteurs et ceinture avec fermeture par clip r\u00e9glable. Con\u00e7u pour les activit\u00e9s sportives&#8230;<\/p>\n","protected":false},"featured_media":22448,"template":"","meta":[],"product_cat":[338],"product_tag":[],"class_list":{"0":"post-22454","1":"product","2":"type-product","3":"status-publish","4":"has-post-thumbnail","6":"product_cat-voyage-bagagerie","8":"first","9":"instock","10":"shipping-taxable","11":"purchasable","12":"product-type-simple"},"_links":{"self":[{"href":"https:\/\/www.hapy-com.fr\/echoppe\/wp-json\/wp\/v2\/product\/22454","targetHints":{"allow":["GET"]}}],"collection":[{"href":"https:\/\/www.hapy-com.fr\/echoppe\/wp-json\/wp\/v2\/product"}],"about":[{"href":"https:\/\/www.hapy-com.fr\/echoppe\/wp-json\/wp\/v2\/types\/product"}],"wp:featuredmedia":[{"embeddable":true,"href":"https:\/\/www.hapy-com.fr\/echoppe\/wp-json\/wp\/v2\/media\/22448"}],"wp:attachment":[{"href":"https:\/\/www.hapy-com.fr\/echoppe\/wp-json\/wp\/v2\/media?parent=22454"}],"wp:term":[{"taxonomy":"product_cat","embeddable":true,"href":"https:\/\/www.hapy-com.fr\/echoppe\/wp-json\/wp\/v2\/product_cat?post=22454"},{"taxonomy":"product_tag","embeddable":true,"href":"https:\/\/www.hapy-com.fr\/echoppe\/wp-json\/wp\/v2\/product_tag?post=22454"}],"curies":[{"name":"wp","href":"https:\/\/api.w.org\/{rel}","templated":true}]}}