{"id":22473,"date":"2022-06-24T13:48:08","date_gmt":"2022-06-24T11:48:08","guid":{"rendered":"http:\/\/www.hapy-com.fr\/echoppe\/product\/sac-a-dos-dorian-3\/"},"modified":"2022-06-24T13:48:08","modified_gmt":"2022-06-24T11:48:08","slug":"sac-a-dos-dorian-3","status":"publish","type":"product","link":"https:\/\/www.hapy-com.fr\/echoppe\/product\/sac-a-dos-dorian-3\/","title":{"rendered":"Sac \u00e0 Dos Dorian"},"content":{"rendered":"<p>Sac \u00e0 dos robuste en polyester 600D avec design d\u00e9contract\u00e9 disponible dans une large gamme de couleurs. Compartiment s\u00e9par\u00e9 pour les chaussures. Fermeture zipp\u00e9e avec tirette sur curseurs pour une ouverture facile. Poche frontale. Dos rembourr\u00e9 et bretelles r\u00e9glables avec rembourrage ergonomique.<\/p>\n","protected":false},"excerpt":{"rendered":"<p>Sac \u00e0 dos robuste en polyester 600D avec design d\u00e9contract\u00e9 disponible dans une large gamme de couleurs. Compartiment s\u00e9par\u00e9 pour les chaussures. Fermeture zipp\u00e9e avec tirette sur curseurs pour une&#8230;<\/p>\n","protected":false},"featured_media":22469,"template":"","meta":[],"product_cat":[338],"product_tag":[],"class_list":{"0":"post-22473","1":"product","2":"type-product","3":"status-publish","4":"has-post-thumbnail","6":"product_cat-voyage-bagagerie","8":"first","9":"instock","10":"shipping-taxable","11":"purchasable","12":"product-type-simple"},"_links":{"self":[{"href":"https:\/\/www.hapy-com.fr\/echoppe\/wp-json\/wp\/v2\/product\/22473","targetHints":{"allow":["GET"]}}],"collection":[{"href":"https:\/\/www.hapy-com.fr\/echoppe\/wp-json\/wp\/v2\/product"}],"about":[{"href":"https:\/\/www.hapy-com.fr\/echoppe\/wp-json\/wp\/v2\/types\/product"}],"wp:featuredmedia":[{"embeddable":true,"href":"https:\/\/www.hapy-com.fr\/echoppe\/wp-json\/wp\/v2\/media\/22469"}],"wp:attachment":[{"href":"https:\/\/www.hapy-com.fr\/echoppe\/wp-json\/wp\/v2\/media?parent=22473"}],"wp:term":[{"taxonomy":"product_cat","embeddable":true,"href":"https:\/\/www.hapy-com.fr\/echoppe\/wp-json\/wp\/v2\/product_cat?post=22473"},{"taxonomy":"product_tag","embeddable":true,"href":"https:\/\/www.hapy-com.fr\/echoppe\/wp-json\/wp\/v2\/product_tag?post=22473"}],"curies":[{"name":"wp","href":"https:\/\/api.w.org\/{rel}","templated":true}]}}