{"id":22506,"date":"2022-06-24T13:48:39","date_gmt":"2022-06-24T11:48:39","guid":{"rendered":"http:\/\/www.hapy-com.fr\/echoppe\/product\/fourre-tout-pooler\/"},"modified":"2022-06-24T13:48:39","modified_gmt":"2022-06-24T11:48:39","slug":"fourre-tout-pooler","status":"publish","type":"product","link":"https:\/\/www.hapy-com.fr\/echoppe\/product\/fourre-tout-pooler\/","title":{"rendered":"Fourre-Tout Pooler"},"content":{"rendered":"<p>Fourre-tout pratique avec fermeture zipp\u00e9e en softshell disponible en couleurs attrayantes.  Sangle de transport avec fermeture \u00e0 clip, sangle de fermeture amovible et sortie arri\u00e8re pour  casque. Zone de marquage sur le devant.<\/p>\n","protected":false},"excerpt":{"rendered":"<p>Fourre-tout pratique avec fermeture zipp\u00e9e en softshell disponible en couleurs attrayantes. Sangle de transport avec fermeture \u00e0 clip, sangle de fermeture amovible et sortie arri\u00e8re pour casque. Zone de marquage&#8230;<\/p>\n","protected":false},"featured_media":22504,"template":"","meta":[],"product_cat":[338],"product_tag":[],"class_list":{"0":"post-22506","1":"product","2":"type-product","3":"status-publish","4":"has-post-thumbnail","6":"product_cat-voyage-bagagerie","8":"first","9":"instock","10":"shipping-taxable","11":"purchasable","12":"product-type-simple"},"_links":{"self":[{"href":"https:\/\/www.hapy-com.fr\/echoppe\/wp-json\/wp\/v2\/product\/22506","targetHints":{"allow":["GET"]}}],"collection":[{"href":"https:\/\/www.hapy-com.fr\/echoppe\/wp-json\/wp\/v2\/product"}],"about":[{"href":"https:\/\/www.hapy-com.fr\/echoppe\/wp-json\/wp\/v2\/types\/product"}],"wp:featuredmedia":[{"embeddable":true,"href":"https:\/\/www.hapy-com.fr\/echoppe\/wp-json\/wp\/v2\/media\/22504"}],"wp:attachment":[{"href":"https:\/\/www.hapy-com.fr\/echoppe\/wp-json\/wp\/v2\/media?parent=22506"}],"wp:term":[{"taxonomy":"product_cat","embeddable":true,"href":"https:\/\/www.hapy-com.fr\/echoppe\/wp-json\/wp\/v2\/product_cat?post=22506"},{"taxonomy":"product_tag","embeddable":true,"href":"https:\/\/www.hapy-com.fr\/echoppe\/wp-json\/wp\/v2\/product_tag?post=22506"}],"curies":[{"name":"wp","href":"https:\/\/api.w.org\/{rel}","templated":true}]}}